{"id":1913,"date":"2025-09-01T13:02:31","date_gmt":"2025-09-01T11:02:31","guid":{"rendered":"https:\/\/bertz-fischer.de\/?post_type=product&#038;p=1913"},"modified":"2026-06-19T06:26:19","modified_gmt":"2026-06-19T04:26:19","slug":"prokla220","status":"publish","type":"product","link":"https:\/\/bertz-fischer.de\/titel\/prokla220\/","title":{"rendered":"PROKLA 220: Arbeit. Raum. K\u00e4mpfe."},"content":{"rendered":"<p>Die Welt wird r\u00e4umlich neu konfiguriert. Wachsender Protektionismus, die Versch\u00e4rfung geopolitischer Spannungen, der Aufstieg der BRICS-Staaten, die Krise in der Automobilindustrie \u2013 all dies und mehr h\u00e4ngt mit der r\u00e4umlichen Ver\u00e4nderung von kapitalistischen Produktions- und Arbeitsprozessen zusammen.<\/p>\n<p>Die Schule der \u00bbLabour Geography\u00ab (Arbeitsgeografie), die kapitalismuskritisch, aber nicht kapitalzentriert vorgeht, nimmt das Kapital als antagonistisches Verh\u00e4ltnis zwischen Arbeiter*innen und Kapitalist*innen in den Blick: als ein Verh\u00e4ltnis, das auch in seiner Positionierung im Raum hergestellt und umk\u00e4mpft ist. In PROKLA 220 wird die r\u00e4umliche Neukonfiguration aus der Perspektive der Arbeitsgeografie und mit einem besonderen Blick auf Arbeitsk\u00e4mpfe diskutiert: Welche K\u00e4mpfe entstehen, etwa um Lithiumabbau oder die Privatisierung von H\u00e4fen, und wie beeinflussen sie die Raumdynamiken im globalen Kapitalismus?<\/p>\n","protected":false},"excerpt":{"rendered":"<p>Die Welt wird r\u00e4umlich neu konfiguriert. Wachsender Protektionismus, die Versch\u00e4rfung geopolitischer Spannungen, der Aufstieg der BRICS-Staaten, die Krise in der Automobilindustrie \u2013 all dies und mehr h\u00e4ngt mit der r\u00e4umlichen Ver\u00e4nderung von kapitalistischen Produktions- und Arbeitsprozessen zusammen. Die Schule der \u00bbLabour Geography\u00ab (Arbeitsgeografie), die kapitalismuskritisch, aber nicht kapitalzentriert vorgeht, nimmt das Kapital als antagonistisches Verh\u00e4ltnis [&hellip;]<\/p>\n","protected":false},"featured_media":2051,"template":"","meta":[],"product_brand":[],"product_cat":[38],"product_tag":[],"class_list":["post-1913","product","type-product","status-publish","has-post-thumbnail","product_cat-prokla","pa_autor_herausgeber-prokla","first","instock","taxable","shipping-taxable","purchasable","product-type-simple"],"_links":{"self":[{"href":"https:\/\/bertz-fischer.de\/bf-api\/wp\/v2\/product\/1913","targetHints":{"allow":["GET"]}}],"collection":[{"href":"https:\/\/bertz-fischer.de\/bf-api\/wp\/v2\/product"}],"about":[{"href":"https:\/\/bertz-fischer.de\/bf-api\/wp\/v2\/types\/product"}],"wp:featuredmedia":[{"embeddable":true,"href":"https:\/\/bertz-fischer.de\/bf-api\/wp\/v2\/media\/2051"}],"wp:attachment":[{"href":"https:\/\/bertz-fischer.de\/bf-api\/wp\/v2\/media?parent=1913"}],"wp:term":[{"taxonomy":"product_brand","embeddable":true,"href":"https:\/\/bertz-fischer.de\/bf-api\/wp\/v2\/product_brand?post=1913"},{"taxonomy":"product_cat","embeddable":true,"href":"https:\/\/bertz-fischer.de\/bf-api\/wp\/v2\/product_cat?post=1913"},{"taxonomy":"product_tag","embeddable":true,"href":"https:\/\/bertz-fischer.de\/bf-api\/wp\/v2\/product_tag?post=1913"}],"curies":[{"name":"wp","href":"https:\/\/api.w.org\/{rel}","templated":true}]}}

PROKLA 220: Arbeit. Raum. Kämpfe.

<p>Die Welt wird räumlich neu konfiguriert. Wachsender Protektionismus, die Verschärfung geopolitischer Spannungen, der Aufstieg der BRICS-Staaten, die Krise in der Automobilindustrie – all dies und mehr hängt mit der räumlichen Veränderung von kapitalistischen Produktions- und Arbeitsprozessen zusammen.</p>
<p>Die Schule der »Labour Geography« (Arbeitsgeografie), die kapitalismuskritisch, aber nicht kapitalzentriert vorgeht, nimmt das Kapital als antagonistisches Verhältnis zwischen Arbeiter*innen und Kapitalist*innen in den Blick: als ein Verhältnis, das auch in seiner Positionierung im Raum hergestellt und umkämpft ist. In PROKLA 220 wird die räumliche Neukonfiguration aus der Perspektive der Arbeitsgeografie und mit einem besonderen Blick auf Arbeitskämpfe diskutiert: Welche Kämpfe entstehen, etwa um Lithiumabbau oder die Privatisierung von Häfen, und wie beeinflussen sie die Raumdynamiken im globalen Kapitalismus?</p>

<p>Die Welt wird räumlich neu konfiguriert. Wachsender Protektionismus, die Verschärfung geopolitischer Spannungen, der Aufstieg der BRICS-Staaten, die Krise in der Automobilindustrie – all dies und mehr hängt mit der räumlichen Veränderung von kapitalistischen Produktions- und Arbeitsprozessen zusammen. Die Schule der »Labour Geography« (Arbeitsgeografie), die kapitalismuskritisch, aber nicht kapitalzentriert vorgeht, nimmt das Kapital als antagonistisches Verhältnis [&hellip;]</p>
