{"id":1462,"date":"2024-03-01T18:44:18","date_gmt":"2024-03-01T17:44:18","guid":{"rendered":"https:\/\/bertz-fischer.de\/produkt\/prokla-214-feministische-oekonomiekritik\/"},"modified":"2026-06-18T07:20:46","modified_gmt":"2026-06-18T05:20:46","slug":"prokla214","status":"publish","type":"product","link":"https:\/\/bertz-fischer.de\/titel\/prokla214\/","title":{"rendered":"PROKLA 214: Feministische \u00d6konomiekritik"},"content":{"rendered":"<p>Die feministische Diskussion um den Zusammenhang von Vergeschlechtlichung, Patriarchat und Kapitalismus hat sich in den vergangenen Jahren deutlich verschoben: Noch vor einem Jahrzehnt dominierten eher poststrukturalistisch gepr\u00e4gte Perspektiven und liberale Feminismen. Aber nicht erst im Kontext der Coronapandemie wurde deutlich, dass die gesellschaftliche Ungleichverteilung von Reproduktions- und Care-Arbeit wesentlich f\u00fcr gesellschaftliche Krisendynamiken ist. Soziale K\u00e4mpfe spitzen sich vielerorts zu. Vielfach wird vertreten, eine Grundlage hierf\u00fcr seien erweiterte Zugriffe auf weibliche Arbeitskraft, Selbstbestimmung und K\u00f6rper; das f\u00fchre dann zu neuen feministischen K\u00e4mpfen und Streiks in der Pflege, Bildung und anderen Bereichen. Auf der theoretischen Ebene verbinden materialistisch-feministische Theorien \u2013 etwa die Social Reproduction Theory \u2013 eine Kritik an patriarchalen Strukturen und Geschlechterverh\u00e4ltnissen mit einer Analyse der mit ihnen vermittelten \u00f6konomischen Verh\u00e4ltnisse und der Strukturlogik des Kapitals. Die PROKLA 214 will zur Kl\u00e4rung dieses \u00d6konomieverst\u00e4ndnisses und der \u00d6konomiekritik innerhalb des feministischen Denkens beitragen: Was leisten sie, welche Leerstellen und welche Grenzen weisen sie auf? Wie lassen sich postkoloniale, \u00f6kologische und intersektionale Zug\u00e4nge f\u00fcr die feministische \u00d6konomiekritik produktiv machen?<\/p>\n<p>Mit Beitr\u00e4gen von Judith Derndorfer, Michaela Doutch, Anne Engelhardt, Jakob Graf, Tine Haubner, Irina Herb, Stefanie H\u00fcrtgen, Tamara Premrov, Jana Schulthei\u00df, Eva Six, Sarah Uhlmann und Daniel Witzani-Haim.<\/p>\n","protected":false},"excerpt":{"rendered":"<p>Die feministische Diskussion um den Zusammenhang von Vergeschlechtlichung, Patriarchat und Kapitalismus hat sich in den vergangenen Jahren deutlich verschoben: Noch vor einem Jahrzehnt dominierten eher poststrukturalistisch gepr\u00e4gte Perspektiven und liberale Feminismen. Aber nicht erst im Kontext der Coronapandemie wurde deutlich, dass die gesellschaftliche Ungleichverteilung von Reproduktions- und Care-Arbeit wesentlich f\u00fcr gesellschaftliche Krisendynamiken ist. Soziale K\u00e4mpfe [&hellip;]<\/p>\n","protected":false},"featured_media":855,"template":"","meta":[],"product_brand":[],"product_cat":[38],"product_tag":[],"class_list":["post-1462","product","type-product","status-publish","has-post-thumbnail","product_cat-prokla","pa_autor_herausgeber-prokla","first","instock","taxable","shipping-taxable","purchasable","product-type-simple"],"_links":{"self":[{"href":"https:\/\/bertz-fischer.de\/bf-api\/wp\/v2\/product\/1462","targetHints":{"allow":["GET"]}}],"collection":[{"href":"https:\/\/bertz-fischer.de\/bf-api\/wp\/v2\/product"}],"about":[{"href":"https:\/\/bertz-fischer.de\/bf-api\/wp\/v2\/types\/product"}],"wp:featuredmedia":[{"embeddable":true,"href":"https:\/\/bertz-fischer.de\/bf-api\/wp\/v2\/media\/855"}],"wp:attachment":[{"href":"https:\/\/bertz-fischer.de\/bf-api\/wp\/v2\/media?parent=1462"}],"wp:term":[{"taxonomy":"product_brand","embeddable":true,"href":"https:\/\/bertz-fischer.de\/bf-api\/wp\/v2\/product_brand?post=1462"},{"taxonomy":"product_cat","embeddable":true,"href":"https:\/\/bertz-fischer.de\/bf-api\/wp\/v2\/product_cat?post=1462"},{"taxonomy":"product_tag","embeddable":true,"href":"https:\/\/bertz-fischer.de\/bf-api\/wp\/v2\/product_tag?post=1462"}],"curies":[{"name":"wp","href":"https:\/\/api.w.org\/{rel}","templated":true}]}}

PROKLA 214: Feministische Ökonomiekritik

<p>Die feministische Diskussion um den Zusammenhang von Vergeschlechtlichung, Patriarchat und Kapitalismus hat sich in den vergangenen Jahren deutlich verschoben: Noch vor einem Jahrzehnt dominierten eher poststrukturalistisch geprägte Perspektiven und liberale Feminismen. Aber nicht erst im Kontext der Coronapandemie wurde deutlich, dass die gesellschaftliche Ungleichverteilung von Reproduktions- und Care-Arbeit wesentlich für gesellschaftliche Krisendynamiken ist. Soziale Kämpfe spitzen sich vielerorts zu. Vielfach wird vertreten, eine Grundlage hierfür seien erweiterte Zugriffe auf weibliche Arbeitskraft, Selbstbestimmung und Körper; das führe dann zu neuen feministischen Kämpfen und Streiks in der Pflege, Bildung und anderen Bereichen. Auf der theoretischen Ebene verbinden materialistisch-feministische Theorien – etwa die Social Reproduction Theory – eine Kritik an patriarchalen Strukturen und Geschlechterverhältnissen mit einer Analyse der mit ihnen vermittelten ökonomischen Verhältnisse und der Strukturlogik des Kapitals. Die PROKLA 214 will zur Klärung dieses Ökonomieverständnisses und der Ökonomiekritik innerhalb des feministischen Denkens beitragen: Was leisten sie, welche Leerstellen und welche Grenzen weisen sie auf? Wie lassen sich postkoloniale, ökologische und intersektionale Zugänge für die feministische Ökonomiekritik produktiv machen?</p>
<p>Mit Beiträgen von Judith Derndorfer, Michaela Doutch, Anne Engelhardt, Jakob Graf, Tine Haubner, Irina Herb, Stefanie Hürtgen, Tamara Premrov, Jana Schultheiß, Eva Six, Sarah Uhlmann und Daniel Witzani-Haim.</p>

<p>Die feministische Diskussion um den Zusammenhang von Vergeschlechtlichung, Patriarchat und Kapitalismus hat sich in den vergangenen Jahren deutlich verschoben: Noch vor einem Jahrzehnt dominierten eher poststrukturalistisch geprägte Perspektiven und liberale Feminismen. Aber nicht erst im Kontext der Coronapandemie wurde deutlich, dass die gesellschaftliche Ungleichverteilung von Reproduktions- und Care-Arbeit wesentlich für gesellschaftliche Krisendynamiken ist. Soziale Kämpfe [&hellip;]</p>
