{"id":1455,"date":"2023-12-01T00:00:16","date_gmt":"2023-11-30T23:00:16","guid":{"rendered":"https:\/\/bertz-fischer.de\/produkt\/prokla-213-wieviel-1973-steckt-in-2023-50-jahre-brueche-und-kontinuitaeten\/"},"modified":"2026-06-18T07:20:46","modified_gmt":"2026-06-18T05:20:46","slug":"prokla213","status":"publish","type":"product","link":"https:\/\/bertz-fischer.de\/titel\/prokla213\/","title":{"rendered":"PROKLA 213: Wieviel 1973 steckt in 2023? 50 Jahre Br\u00fcche und Kontinuit\u00e4ten"},"content":{"rendered":"<p>Die multiple Krise im globalen Gef\u00fcge spitzt sich zu, und unterschiedliche Entwicklungen verst\u00e4rken den zeitdiagnostischen Eindruck eines kommenden Bruchs: der russische Angriffskrieg gegen die Ukraine, die Versch\u00e4rfung der Konkurrenz zwischen den USA und China, die Rekordinflation und Diskussionen um eine Phase der Deglobalisierung, die Krisenerscheinungen liberaler Demokratien und die Bedeutungszunahme autorit\u00e4rer Staatlichkeit sowie nicht zuletzt die dramatische Zuspitzung der \u00f6kologischen Krise. Die mit dem Ende des Bretton-Woods-Systems seit 1973 durchgesetzte Ausrichtung der Weltwirtschaft und die damit verbundene geopolitische Ordnung scheinen ins Wanken geraten zu sein. PROKLA 213 fragt daher: Befinden wir uns heute in einer Phase des Umbruchs, \u00e4hnlich wie 1973? Wieviel 1973 steckt in unserer Gegenwart? Was an grundlegenden Ver\u00e4nderungen in der Geldpolitik, der \u00d6kologie, der geopolitischen Ordnung sowie f\u00fcr das Verh\u00e4ltnis von Staat und \u00d6konomie seit 1973 gilt es zu begreifen, um zuk\u00fcnftige Konflikte bew\u00e4ltigen zu k\u00f6nnen?<\/p>\n","protected":false},"excerpt":{"rendered":"<p>Die multiple Krise im globalen Gef\u00fcge spitzt sich zu, und unterschiedliche Entwicklungen verst\u00e4rken den zeitdiagnostischen Eindruck eines kommenden Bruchs: der russische Angriffskrieg gegen die Ukraine, die Versch\u00e4rfung der Konkurrenz zwischen den USA und China, die Rekordinflation und Diskussionen um eine Phase der Deglobalisierung, die Krisenerscheinungen liberaler Demokratien und die Bedeutungszunahme autorit\u00e4rer Staatlichkeit sowie nicht zuletzt [&hellip;]<\/p>\n","protected":false},"featured_media":856,"template":"","meta":[],"product_brand":[],"product_cat":[38],"product_tag":[],"class_list":["post-1455","product","type-product","status-publish","has-post-thumbnail","product_cat-prokla","pa_autor_herausgeber-prokla","first","instock","taxable","shipping-taxable","purchasable","product-type-simple"],"_links":{"self":[{"href":"https:\/\/bertz-fischer.de\/bf-api\/wp\/v2\/product\/1455","targetHints":{"allow":["GET"]}}],"collection":[{"href":"https:\/\/bertz-fischer.de\/bf-api\/wp\/v2\/product"}],"about":[{"href":"https:\/\/bertz-fischer.de\/bf-api\/wp\/v2\/types\/product"}],"wp:featuredmedia":[{"embeddable":true,"href":"https:\/\/bertz-fischer.de\/bf-api\/wp\/v2\/media\/856"}],"wp:attachment":[{"href":"https:\/\/bertz-fischer.de\/bf-api\/wp\/v2\/media?parent=1455"}],"wp:term":[{"taxonomy":"product_brand","embeddable":true,"href":"https:\/\/bertz-fischer.de\/bf-api\/wp\/v2\/product_brand?post=1455"},{"taxonomy":"product_cat","embeddable":true,"href":"https:\/\/bertz-fischer.de\/bf-api\/wp\/v2\/product_cat?post=1455"},{"taxonomy":"product_tag","embeddable":true,"href":"https:\/\/bertz-fischer.de\/bf-api\/wp\/v2\/product_tag?post=1455"}],"curies":[{"name":"wp","href":"https:\/\/api.w.org\/{rel}","templated":true}]}}

PROKLA 213: Wieviel 1973 steckt in 2023? 50 Jahre Brüche und Kontinuitäten

<p>Die multiple Krise im globalen Gefüge spitzt sich zu, und unterschiedliche Entwicklungen verstärken den zeitdiagnostischen Eindruck eines kommenden Bruchs: der russische Angriffskrieg gegen die Ukraine, die Verschärfung der Konkurrenz zwischen den USA und China, die Rekordinflation und Diskussionen um eine Phase der Deglobalisierung, die Krisenerscheinungen liberaler Demokratien und die Bedeutungszunahme autoritärer Staatlichkeit sowie nicht zuletzt die dramatische Zuspitzung der ökologischen Krise. Die mit dem Ende des Bretton-Woods-Systems seit 1973 durchgesetzte Ausrichtung der Weltwirtschaft und die damit verbundene geopolitische Ordnung scheinen ins Wanken geraten zu sein. PROKLA 213 fragt daher: Befinden wir uns heute in einer Phase des Umbruchs, ähnlich wie 1973? Wieviel 1973 steckt in unserer Gegenwart? Was an grundlegenden Veränderungen in der Geldpolitik, der Ökologie, der geopolitischen Ordnung sowie für das Verhältnis von Staat und Ökonomie seit 1973 gilt es zu begreifen, um zukünftige Konflikte bewältigen zu können?</p>

<p>Die multiple Krise im globalen Gefüge spitzt sich zu, und unterschiedliche Entwicklungen verstärken den zeitdiagnostischen Eindruck eines kommenden Bruchs: der russische Angriffskrieg gegen die Ukraine, die Verschärfung der Konkurrenz zwischen den USA und China, die Rekordinflation und Diskussionen um eine Phase der Deglobalisierung, die Krisenerscheinungen liberaler Demokratien und die Bedeutungszunahme autoritärer Staatlichkeit sowie nicht zuletzt [&hellip;]</p>
