{"id":1454,"date":"2023-09-01T18:44:16","date_gmt":"2023-09-01T16:44:16","guid":{"rendered":"https:\/\/bertz-fischer.de\/produkt\/prokla-212-perspektiven-auf-ostdeutschland\/"},"modified":"2026-06-23T11:18:52","modified_gmt":"2026-06-23T09:18:52","slug":"prokla212","status":"publish","type":"product","link":"https:\/\/bertz-fischer.de\/titel\/prokla212\/","title":{"rendered":"PROKLA 212: Perspektiven auf Ostdeutschland"},"content":{"rendered":"<p>In den letzten Jahren drehten sich mediale Berichte zu Ostdeutschland vor allem um die Themen Rechtspopulismus und den R\u00fcckhalt der AfD, Demokratieverdruss, Russlandfreundlichkeit oder Impfskepsis. Zwar erh\u00e4lt das Ph\u00e4nomen \u00bbOstdeutschland\u00ab auch in zahlreichen sozialwissenschaftlichen Analysen Aufmerksamkeit. Allerdings besteht dabei h\u00e4ufig die Gefahr, eine geringe demokratische Beteiligung und die geringe Strahlkraft liberaler Orientierungsangebote zu verabsolutieren, anstatt die gegenw\u00e4rtigen gesellschaftlichen Verh\u00e4ltnisse und K\u00e4mpfe zu untersuchen, die sich darin artikulieren. PROKLA 212 betrachtet daher die Gesellschaft Ostdeutschlands polit-\u00f6konomisch. Themen des Heftes sind u.a.: Was sind die langfristigen Folgen der Eigentumstransformation in Ostdeutschland? Gibt es ein \u00bbneues Arbeitsbewusstsein\u00ab im Osten? Wie hat sich die Mitbestimmung in ostdeutschen (Metall-)Betrieben ver\u00e4ndert? Wie steht es um das Erbe der ostdeutschen Frauenbewegung? Welche Fehler und Verdienste der Linken in der Nachwendezeit wirken in die Gegenwart?<\/p>\n","protected":false},"excerpt":{"rendered":"<p>In den letzten Jahren drehten sich mediale Berichte zu Ostdeutschland vor allem um die Themen Rechtspopulismus und den R\u00fcckhalt der AfD, Demokratieverdruss, Russlandfreundlichkeit oder Impfskepsis. Zwar erh\u00e4lt das Ph\u00e4nomen \u00bbOstdeutschland\u00ab auch in zahlreichen sozialwissenschaftlichen Analysen Aufmerksamkeit. Allerdings besteht dabei h\u00e4ufig die Gefahr, eine geringe demokratische Beteiligung und die geringe Strahlkraft liberaler Orientierungsangebote zu verabsolutieren, anstatt [&hellip;]<\/p>\n","protected":false},"featured_media":857,"template":"","meta":[],"product_brand":[],"product_cat":[38],"product_tag":[],"class_list":["post-1454","product","type-product","status-publish","has-post-thumbnail","product_cat-prokla","pa_autor_herausgeber-prokla","first","instock","taxable","shipping-taxable","purchasable","product-type-simple"],"_links":{"self":[{"href":"https:\/\/bertz-fischer.de\/bf-api\/wp\/v2\/product\/1454","targetHints":{"allow":["GET"]}}],"collection":[{"href":"https:\/\/bertz-fischer.de\/bf-api\/wp\/v2\/product"}],"about":[{"href":"https:\/\/bertz-fischer.de\/bf-api\/wp\/v2\/types\/product"}],"wp:featuredmedia":[{"embeddable":true,"href":"https:\/\/bertz-fischer.de\/bf-api\/wp\/v2\/media\/857"}],"wp:attachment":[{"href":"https:\/\/bertz-fischer.de\/bf-api\/wp\/v2\/media?parent=1454"}],"wp:term":[{"taxonomy":"product_brand","embeddable":true,"href":"https:\/\/bertz-fischer.de\/bf-api\/wp\/v2\/product_brand?post=1454"},{"taxonomy":"product_cat","embeddable":true,"href":"https:\/\/bertz-fischer.de\/bf-api\/wp\/v2\/product_cat?post=1454"},{"taxonomy":"product_tag","embeddable":true,"href":"https:\/\/bertz-fischer.de\/bf-api\/wp\/v2\/product_tag?post=1454"}],"curies":[{"name":"wp","href":"https:\/\/api.w.org\/{rel}","templated":true}]}}

<p>In den letzten Jahren drehten sich mediale Berichte zu Ostdeutschland vor allem um die Themen Rechtspopulismus und den Rückhalt der AfD, Demokratieverdruss, Russlandfreundlichkeit oder Impfskepsis. Zwar erhält das Phänomen »Ostdeutschland« auch in zahlreichen sozialwissenschaftlichen Analysen Aufmerksamkeit. Allerdings besteht dabei häufig die Gefahr, eine geringe demokratische Beteiligung und die geringe Strahlkraft liberaler Orientierungsangebote zu verabsolutieren, anstatt die gegenwärtigen gesellschaftlichen Verhältnisse und Kämpfe zu untersuchen, die sich darin artikulieren. PROKLA 212 betrachtet daher die Gesellschaft Ostdeutschlands polit-ökonomisch. Themen des Heftes sind u.a.: Was sind die langfristigen Folgen der Eigentumstransformation in Ostdeutschland? Gibt es ein »neues Arbeitsbewusstsein« im Osten? Wie hat sich die Mitbestimmung in ostdeutschen (Metall-)Betrieben verändert? Wie steht es um das Erbe der ostdeutschen Frauenbewegung? Welche Fehler und Verdienste der Linken in der Nachwendezeit wirken in die Gegenwart?</p>

<p>In den letzten Jahren drehten sich mediale Berichte zu Ostdeutschland vor allem um die Themen Rechtspopulismus und den Rückhalt der AfD, Demokratieverdruss, Russlandfreundlichkeit oder Impfskepsis. Zwar erhält das Phänomen »Ostdeutschland« auch in zahlreichen sozialwissenschaftlichen Analysen Aufmerksamkeit. Allerdings besteht dabei häufig die Gefahr, eine geringe demokratische Beteiligung und die geringe Strahlkraft liberaler Orientierungsangebote zu verabsolutieren, anstatt [&hellip;]</p>
