{"id":1444,"date":"2022-12-01T18:44:14","date_gmt":"2022-12-01T17:44:14","guid":{"rendered":"https:\/\/bertz-fischer.de\/produkt\/prokla-209-die-linke-zwischen-krise-und-bewegung\/"},"modified":"2026-06-18T07:20:46","modified_gmt":"2026-06-18T05:20:46","slug":"prokla209","status":"publish","type":"product","link":"https:\/\/bertz-fischer.de\/titel\/prokla209\/","title":{"rendered":"PROKLA 209: Die Linke zwischen Krise und Bewegung"},"content":{"rendered":"<p>Nach dem Wahldebakel der Partei DIE LINKE im Herbst 2021 sahen die einen die Linke als Ganzes am Abgrund. Andere sahen \u2013 etwa mit Blick auf soziale Bewegungen \u2013 eine erneuerte Linke am Horizont aufscheinen. Innerhalb dieses Spannungsfeldes von drohendem Niedergang und hoffnungsvollem Aufbruch diskutiert die PROKLA die Fragen: Was zeichnet die Krise der Linkspartei aus und woraus resultiert sie historisch? Welche Impulse geben soziale Bewegungen f\u00fcr eine gesellschaftliche Linke? Was l\u00e4sst sich aus den Debatten um Klassen- und Identit\u00e4tspolitik f\u00fcr die Linke schlussfolgern?<br \/>\nDie Ausgabe widmet sich deshalb nicht allein der Krise der Partei DIE LINKE, sondern verortet diese im Kontext einer insgesamt krisenhaften und geschw\u00e4chten gesellschaftlichen Linken. Gleichzeitig sollte eine Krisenanalyse nicht nur darauf abzielen, Pessimismus zu verbreiten, sondern auch bestehende M\u00f6glichkeiten und produktive Momente aufzeigen, die aus dieser hinausf\u00fchren. Das Heft kann somit als Suchbewegung gelesen werden, um unterschiedliche Konfliktlinien zu vermitteln und m\u00f6gliche Auswege aus der Krise zu skizzieren.<\/p>\n","protected":false},"excerpt":{"rendered":"<p>Nach dem Wahldebakel der Partei DIE LINKE im Herbst 2021 sahen die einen die Linke als Ganzes am Abgrund. Andere sahen \u2013 etwa mit Blick auf soziale Bewegungen \u2013 eine erneuerte Linke am Horizont aufscheinen. Innerhalb dieses Spannungsfeldes von drohendem Niedergang und hoffnungsvollem Aufbruch diskutiert die PROKLA die Fragen: Was zeichnet die Krise der Linkspartei [&hellip;]<\/p>\n","protected":false},"featured_media":860,"template":"","meta":[],"product_brand":[],"product_cat":[38],"product_tag":[],"class_list":["post-1444","product","type-product","status-publish","has-post-thumbnail","product_cat-prokla","pa_autor_herausgeber-prokla","first","instock","taxable","shipping-taxable","purchasable","product-type-simple"],"_links":{"self":[{"href":"https:\/\/bertz-fischer.de\/bf-api\/wp\/v2\/product\/1444","targetHints":{"allow":["GET"]}}],"collection":[{"href":"https:\/\/bertz-fischer.de\/bf-api\/wp\/v2\/product"}],"about":[{"href":"https:\/\/bertz-fischer.de\/bf-api\/wp\/v2\/types\/product"}],"wp:featuredmedia":[{"embeddable":true,"href":"https:\/\/bertz-fischer.de\/bf-api\/wp\/v2\/media\/860"}],"wp:attachment":[{"href":"https:\/\/bertz-fischer.de\/bf-api\/wp\/v2\/media?parent=1444"}],"wp:term":[{"taxonomy":"product_brand","embeddable":true,"href":"https:\/\/bertz-fischer.de\/bf-api\/wp\/v2\/product_brand?post=1444"},{"taxonomy":"product_cat","embeddable":true,"href":"https:\/\/bertz-fischer.de\/bf-api\/wp\/v2\/product_cat?post=1444"},{"taxonomy":"product_tag","embeddable":true,"href":"https:\/\/bertz-fischer.de\/bf-api\/wp\/v2\/product_tag?post=1444"}],"curies":[{"name":"wp","href":"https:\/\/api.w.org\/{rel}","templated":true}]}}

<p>Nach dem Wahldebakel der Partei DIE LINKE im Herbst 2021 sahen die einen die Linke als Ganzes am Abgrund. Andere sahen – etwa mit Blick auf soziale Bewegungen – eine erneuerte Linke am Horizont aufscheinen. Innerhalb dieses Spannungsfeldes von drohendem Niedergang und hoffnungsvollem Aufbruch diskutiert die PROKLA die Fragen: Was zeichnet die Krise der Linkspartei aus und woraus resultiert sie historisch? Welche Impulse geben soziale Bewegungen für eine gesellschaftliche Linke? Was lässt sich aus den Debatten um Klassen- und Identitätspolitik für die Linke schlussfolgern?<br />
Die Ausgabe widmet sich deshalb nicht allein der Krise der Partei DIE LINKE, sondern verortet diese im Kontext einer insgesamt krisenhaften und geschwächten gesellschaftlichen Linken. Gleichzeitig sollte eine Krisenanalyse nicht nur darauf abzielen, Pessimismus zu verbreiten, sondern auch bestehende Möglichkeiten und produktive Momente aufzeigen, die aus dieser hinausführen. Das Heft kann somit als Suchbewegung gelesen werden, um unterschiedliche Konfliktlinien zu vermitteln und mögliche Auswege aus der Krise zu skizzieren.</p>
