{"id":1439,"date":"2024-07-22T18:44:11","date_gmt":"2024-07-22T16:44:11","guid":{"rendered":"https:\/\/bertz-fischer.de\/produkt\/kopf-kino\/"},"modified":"2026-06-19T16:40:33","modified_gmt":"2026-06-19T14:40:33","slug":"kopf-kino","status":"publish","type":"product","link":"https:\/\/bertz-fischer.de\/titel\/kopf-kino\/","title":{"rendered":"Kopf\/Kino"},"content":{"rendered":"<p>Was macht eine psychische Erkrankung aus, und wo beginnt sie? In ihren Bestimmungsversuchen greifen die medizinischen und gesellschaftswissenschaftlichen Fachdisziplinen auf Praktiken der Klassifizierung, Standardisierung und Fremdbeschreibung zur\u00fcck, die Krankheit als Mangel, Abweichung oder zu verbessernden Zustand charakterisieren. Filme k\u00f6nnen derartige Praktiken durch ihre \u00e4sthetische Perspektive hinterfragen und Facetten psychischen Krankseins auf differenziertere Weise erfahrbar machen. Film und Kino tragen so zu einer kritischen Reflexion der Normalit\u00e4ts- und Krankheitsdiskurse bei und erm\u00f6glichen gleichzeitig eine Binnenperspektive von Krankheitserfahrungen.<br \/>\nAnhand von dokumentarischen, fiktionalen, essayistischen und autobiografischen Beispielen der Filmgeschichte, darunter TARNATION, DIALOGUES WITH MADWOMEN, VANILLA SKY, A SCANNER DARKLY, LITTLE JOE, POSTCARDS FROM LONDON, NAKED LUNCH, FIRST COUSIN ONCE REMOVED oder PSYCHOSIS IN STOCKHOLM, pr\u00e4sentiert dieser Band aktuelle Positionen zu dem Themenfeld. Die Beitr\u00e4ge diskutieren unter anderem, wie ein klinisches und soziales Verst\u00e4ndnis von Krankheit filmisch verhandelt wird und wie das Kino Prozesse von Erkrankung und Genesung dokumentieren und \u00e4sthetisch beschreiben kann.<\/p>\n<p>Mit Beitr\u00e4gen von Petra Anders, Christian Bonah, Robin Curtis, Jo\u00ebl Danet, Tobias Dietrich, \u00adFlorian Fl\u00f6mer, Sabrina G\u00e4rtner, Insa H\u00e4rtel, Britta Hartmann, Silke Hilgers, Markus K\u00fcgle, W.J.T. Mitchell, Lars Nowak, Winfried Pauleit, Janin Tscheschel.<\/p>\n","protected":false},"excerpt":{"rendered":"<p>Psychische Erkrankung und Film<\/p>\n","protected":false},"featured_media":1061,"template":"","meta":[],"product_brand":[],"product_cat":[63],"product_tag":[],"class_list":["post-1439","product","type-product","status-publish","has-post-thumbnail","product_cat-bremer-symposium","pa_autor_herausgeber-winfried_pauleit","pa_autor_herausgeber-tobias_dietrich","first","instock","taxable","shipping-taxable","purchasable","product-type-simple"],"_links":{"self":[{"href":"https:\/\/bertz-fischer.de\/bf-api\/wp\/v2\/product\/1439","targetHints":{"allow":["GET"]}}],"collection":[{"href":"https:\/\/bertz-fischer.de\/bf-api\/wp\/v2\/product"}],"about":[{"href":"https:\/\/bertz-fischer.de\/bf-api\/wp\/v2\/types\/product"}],"wp:featuredmedia":[{"embeddable":true,"href":"https:\/\/bertz-fischer.de\/bf-api\/wp\/v2\/media\/1061"}],"wp:attachment":[{"href":"https:\/\/bertz-fischer.de\/bf-api\/wp\/v2\/media?parent=1439"}],"wp:term":[{"taxonomy":"product_brand","embeddable":true,"href":"https:\/\/bertz-fischer.de\/bf-api\/wp\/v2\/product_brand?post=1439"},{"taxonomy":"product_cat","embeddable":true,"href":"https:\/\/bertz-fischer.de\/bf-api\/wp\/v2\/product_cat?post=1439"},{"taxonomy":"product_tag","embeddable":true,"href":"https:\/\/bertz-fischer.de\/bf-api\/wp\/v2\/product_tag?post=1439"}],"curies":[{"name":"wp","href":"https:\/\/api.w.org\/{rel}","templated":true}]}}

<p>Was macht eine psychische Erkrankung aus, und wo beginnt sie? In ihren Bestimmungsversuchen greifen die medizinischen und gesellschaftswissenschaftlichen Fachdisziplinen auf Praktiken der Klassifizierung, Standardisierung und Fremdbeschreibung zurück, die Krankheit als Mangel, Abweichung oder zu verbessernden Zustand charakterisieren. Filme können derartige Praktiken durch ihre ästhetische Perspektive hinterfragen und Facetten psychischen Krankseins auf differenziertere Weise erfahrbar machen. Film und Kino tragen so zu einer kritischen Reflexion der Normalitäts- und Krankheitsdiskurse bei und ermöglichen gleichzeitig eine Binnenperspektive von Krankheitserfahrungen.<br />
Anhand von dokumentarischen, fiktionalen, essayistischen und autobiografischen Beispielen der Filmgeschichte, darunter TARNATION, DIALOGUES WITH MADWOMEN, VANILLA SKY, A SCANNER DARKLY, LITTLE JOE, POSTCARDS FROM LONDON, NAKED LUNCH, FIRST COUSIN ONCE REMOVED oder PSYCHOSIS IN STOCKHOLM, präsentiert dieser Band aktuelle Positionen zu dem Themenfeld. Die Beiträge diskutieren unter anderem, wie ein klinisches und soziales Verständnis von Krankheit filmisch verhandelt wird und wie das Kino Prozesse von Erkrankung und Genesung dokumentieren und ästhetisch beschreiben kann.</p>
<p>Mit Beiträgen von Petra Anders, Christian Bonah, Robin Curtis, Joël Danet, Tobias Dietrich, ­Florian Flömer, Sabrina Gärtner, Insa Härtel, Britta Hartmann, Silke Hilgers, Markus Kügle, W.J.T. Mitchell, Lars Nowak, Winfried Pauleit, Janin Tscheschel.</p>
