{"id":1438,"date":"2022-06-01T00:00:11","date_gmt":"2022-05-31T22:00:11","guid":{"rendered":"https:\/\/bertz-fischer.de\/produkt\/prokla-207-der-nonkonformistische-intellektuelle-gesellschaftstheorie-und-sozialistische-strategie\/"},"modified":"2026-06-18T07:20:46","modified_gmt":"2026-06-18T05:20:46","slug":"prokla207","status":"publish","type":"product","link":"https:\/\/bertz-fischer.de\/titel\/prokla207\/","title":{"rendered":"PROKLA 207: Der nonkonformistische Intellektuelle: Gesellschaftstheorie und sozialistische Strategie"},"content":{"rendered":"<p>Die gegenw\u00e4rtige Zuspitzung vielf\u00e4ltiger Krisen stellt f\u00fcr die Linke eine doppelte Herausforderung dar: Erstens geht es darum, die einzelnen Krisenph\u00e4nomene und ihre Zusammenh\u00e4nge genau zu analysieren und zu begreifen. Darauf aufbauend sind zweitens \u00dcberlegungen anzustellen, wie progressive gesellschaftliche und politische Kr\u00e4fte wieder wirkungsm\u00e4chtiger werden k\u00f6nnen. Heft 207 der PROKLA stellt sich diesen Aufgaben: Es nimmt die Krise der sozialen Reproduktion, die Klimakrise und den \u00dcbergang ins Kapitaloz\u00e4n in den Blick, fragt nach den inneren Zusammenh\u00e4ngen verschiedener Krisenph\u00e4nomene und reflektiert sie theoretisch. Emanzipative Antworten auf die multiplen Krisen sowie die Widerst\u00e4nde und Widerspr\u00fcche, mit denen sie konfrontiert sind, werden ebenfalls er\u00f6rtert. Die PROKLA w\u00fcrdigt mit dieser Ausgabe zugleich ein ehemaliges Redaktions- und heutiges Beiratsmitglied, das sich seit Jahrzehnten um Beitr\u00e4ge zu Fragen linker Theorie und Praxis verdient macht: Alex Demirovi\u0107, der am 17. Mai 2022 seinen 70. Geburtstag feiert.<\/p>\n","protected":false},"excerpt":{"rendered":"<p>Die gegenw\u00e4rtige Zuspitzung vielf\u00e4ltiger Krisen stellt f\u00fcr die Linke eine doppelte Herausforderung dar: Erstens geht es darum, die einzelnen Krisenph\u00e4nomene und ihre Zusammenh\u00e4nge genau zu analysieren und zu begreifen. Darauf aufbauend sind zweitens \u00dcberlegungen anzustellen, wie progressive gesellschaftliche und politische Kr\u00e4fte wieder wirkungsm\u00e4chtiger werden k\u00f6nnen. Heft 207 der PROKLA stellt sich diesen Aufgaben: Es nimmt [&hellip;]<\/p>\n","protected":false},"featured_media":862,"template":"","meta":[],"product_brand":[],"product_cat":[38],"product_tag":[],"class_list":["post-1438","product","type-product","status-publish","has-post-thumbnail","product_cat-prokla","pa_autor_herausgeber-prokla","first","instock","taxable","shipping-taxable","purchasable","product-type-simple"],"_links":{"self":[{"href":"https:\/\/bertz-fischer.de\/bf-api\/wp\/v2\/product\/1438","targetHints":{"allow":["GET"]}}],"collection":[{"href":"https:\/\/bertz-fischer.de\/bf-api\/wp\/v2\/product"}],"about":[{"href":"https:\/\/bertz-fischer.de\/bf-api\/wp\/v2\/types\/product"}],"wp:featuredmedia":[{"embeddable":true,"href":"https:\/\/bertz-fischer.de\/bf-api\/wp\/v2\/media\/862"}],"wp:attachment":[{"href":"https:\/\/bertz-fischer.de\/bf-api\/wp\/v2\/media?parent=1438"}],"wp:term":[{"taxonomy":"product_brand","embeddable":true,"href":"https:\/\/bertz-fischer.de\/bf-api\/wp\/v2\/product_brand?post=1438"},{"taxonomy":"product_cat","embeddable":true,"href":"https:\/\/bertz-fischer.de\/bf-api\/wp\/v2\/product_cat?post=1438"},{"taxonomy":"product_tag","embeddable":true,"href":"https:\/\/bertz-fischer.de\/bf-api\/wp\/v2\/product_tag?post=1438"}],"curies":[{"name":"wp","href":"https:\/\/api.w.org\/{rel}","templated":true}]}}

<p>Die gegenwärtige Zuspitzung vielfältiger Krisen stellt für die Linke eine doppelte Herausforderung dar: Erstens geht es darum, die einzelnen Krisenphänomene und ihre Zusammenhänge genau zu analysieren und zu begreifen. Darauf aufbauend sind zweitens Überlegungen anzustellen, wie progressive gesellschaftliche und politische Kräfte wieder wirkungsmächtiger werden können. Heft 207 der PROKLA stellt sich diesen Aufgaben: Es nimmt die Krise der sozialen Reproduktion, die Klimakrise und den Übergang ins Kapitalozän in den Blick, fragt nach den inneren Zusammenhängen verschiedener Krisenphänomene und reflektiert sie theoretisch. Emanzipative Antworten auf die multiplen Krisen sowie die Widerstände und Widersprüche, mit denen sie konfrontiert sind, werden ebenfalls erörtert. Die PROKLA würdigt mit dieser Ausgabe zugleich ein ehemaliges Redaktions- und heutiges Beiratsmitglied, das sich seit Jahrzehnten um Beiträge zu Fragen linker Theorie und Praxis verdient macht: Alex Demirović, der am 17. Mai 2022 seinen 70. Geburtstag feiert.</p>

<p>Die gegenwärtige Zuspitzung vielfältiger Krisen stellt für die Linke eine doppelte Herausforderung dar: Erstens geht es darum, die einzelnen Krisenphänomene und ihre Zusammenhänge genau zu analysieren und zu begreifen. Darauf aufbauend sind zweitens Überlegungen anzustellen, wie progressive gesellschaftliche und politische Kräfte wieder wirkungsmächtiger werden können. Heft 207 der PROKLA stellt sich diesen Aufgaben: Es nimmt [&hellip;]</p>
