{"id":1437,"date":"2022-03-01T00:00:11","date_gmt":"2022-02-28T23:00:11","guid":{"rendered":"https:\/\/bertz-fischer.de\/produkt\/prokla-206-corona-und-die-folgen-gewinner-verlierer-und-chancen-fuer-eine-neue-gesellschaftspolitik\/"},"modified":"2026-06-18T07:20:46","modified_gmt":"2026-06-18T05:20:46","slug":"prokla206","status":"publish","type":"product","link":"https:\/\/bertz-fischer.de\/titel\/prokla206\/","title":{"rendered":"PROKLA 206: Corona und die Folgen: Gewinner, Verlierer und Chancen f\u00fcr eine neue Gesellschaftspolitik"},"content":{"rendered":"<p>Seit zwei Jahren bestimmt die COVID-19-Pandemie Politik und Gesellschaft. Oft wurde betont, sie wirke wie ein Brennglas \u2013 nicht nur im Pflegebereich und im Gesundheitswesen. Das Heft will eine Zwischenbilanz ziehen und kritische Perspektiven diskutieren. Wie wird es nach der Corona-Katastrophe weitergehen? Was bringt die mit der Pandemie einhergehende wirtschaftliche Krise mit sich, was etwa folgt aus der Zerr\u00fcttung grenz\u00fcberschreitender Wertsch\u00f6pfungsketten f\u00fcr die transnationale Gewerkschaftsarbeit? Was bedeutet der alltagspolitische Diskurs um \u00bbSystemrelevanz\u00ab f\u00fcr die Perspektive einer neuen (sozial-\u00f6kologischen) Politik der Arbeit? Wie konnten Amazon &amp; Co die Krise nutzen und ihre Marktmacht ausbauen? Wie \u00fcbersetzten sich die globalen Ungleichheiten und Dynamiken auf die Impfstoffproduktion und -verteilung? Und schlie\u00dflich: Ist von einer dauerhaften \u00bbR\u00fcckkehr des Staates\u00ab auszugehen? Wenn ja, was bedeutet das konkret?<\/p>\n","protected":false},"excerpt":{"rendered":"<p>Seit zwei Jahren bestimmt die COVID-19-Pandemie Politik und Gesellschaft. Oft wurde betont, sie wirke wie ein Brennglas \u2013 nicht nur im Pflegebereich und im Gesundheitswesen. Das Heft will eine Zwischenbilanz ziehen und kritische Perspektiven diskutieren. Wie wird es nach der Corona-Katastrophe weitergehen? Was bringt die mit der Pandemie einhergehende wirtschaftliche Krise mit sich, was etwa [&hellip;]<\/p>\n","protected":false},"featured_media":863,"template":"","meta":[],"product_brand":[],"product_cat":[38],"product_tag":[],"class_list":["post-1437","product","type-product","status-publish","has-post-thumbnail","product_cat-prokla","pa_autor_herausgeber-prokla","first","instock","taxable","shipping-taxable","purchasable","product-type-simple"],"_links":{"self":[{"href":"https:\/\/bertz-fischer.de\/bf-api\/wp\/v2\/product\/1437","targetHints":{"allow":["GET"]}}],"collection":[{"href":"https:\/\/bertz-fischer.de\/bf-api\/wp\/v2\/product"}],"about":[{"href":"https:\/\/bertz-fischer.de\/bf-api\/wp\/v2\/types\/product"}],"wp:featuredmedia":[{"embeddable":true,"href":"https:\/\/bertz-fischer.de\/bf-api\/wp\/v2\/media\/863"}],"wp:attachment":[{"href":"https:\/\/bertz-fischer.de\/bf-api\/wp\/v2\/media?parent=1437"}],"wp:term":[{"taxonomy":"product_brand","embeddable":true,"href":"https:\/\/bertz-fischer.de\/bf-api\/wp\/v2\/product_brand?post=1437"},{"taxonomy":"product_cat","embeddable":true,"href":"https:\/\/bertz-fischer.de\/bf-api\/wp\/v2\/product_cat?post=1437"},{"taxonomy":"product_tag","embeddable":true,"href":"https:\/\/bertz-fischer.de\/bf-api\/wp\/v2\/product_tag?post=1437"}],"curies":[{"name":"wp","href":"https:\/\/api.w.org\/{rel}","templated":true}]}}

PROKLA 206: Corona und die Folgen: Gewinner, Verlierer und Chancen für eine neue Gesellschaftspolitik

<p>Seit zwei Jahren bestimmt die COVID-19-Pandemie Politik und Gesellschaft. Oft wurde betont, sie wirke wie ein Brennglas – nicht nur im Pflegebereich und im Gesundheitswesen. Das Heft will eine Zwischenbilanz ziehen und kritische Perspektiven diskutieren. Wie wird es nach der Corona-Katastrophe weitergehen? Was bringt die mit der Pandemie einhergehende wirtschaftliche Krise mit sich, was etwa folgt aus der Zerrüttung grenzüberschreitender Wertschöpfungsketten für die transnationale Gewerkschaftsarbeit? Was bedeutet der alltagspolitische Diskurs um »Systemrelevanz« für die Perspektive einer neuen (sozial-ökologischen) Politik der Arbeit? Wie konnten Amazon &amp; Co die Krise nutzen und ihre Marktmacht ausbauen? Wie übersetzten sich die globalen Ungleichheiten und Dynamiken auf die Impfstoffproduktion und -verteilung? Und schließlich: Ist von einer dauerhaften »Rückkehr des Staates« auszugehen? Wenn ja, was bedeutet das konkret?</p>
