{"id":1429,"date":"2021-09-01T00:00:09","date_gmt":"2021-08-31T22:00:09","guid":{"rendered":"https:\/\/bertz-fischer.de\/produkt\/prokla-204-vergessenes-land\/"},"modified":"2026-06-19T06:26:18","modified_gmt":"2026-06-19T04:26:18","slug":"prokla204","status":"publish","type":"product","link":"https:\/\/bertz-fischer.de\/titel\/prokla204\/","title":{"rendered":"PROKLA 204: Vergessenes Land?"},"content":{"rendered":"<p>\u00bbDas Land\u00ab ist seit einiger Zeit wieder \u00bbin\u00ab. Es gilt als R\u00fcckgrat einer nachhaltigen Entwicklung und angesichts der Covid-19-Pandemie als vermeintlich sicherer Ort . Andererseits wird mit dem l\u00e4ndlichen Raum \u00bbAbgeh\u00e4ngtsein\u00ab verbunden, wodurch \u2013 so hei\u00dft es \u2013 rechte Parteien \u00fcberdurchschnittlich viele Stimmen gewinnen konnten. Nat\u00fcrlich stehen Stadt und Land in einem Wechselverh\u00e4ltnis zueinander und sind nicht scharf voneinander abzugrenzen; trotzdem kann man davon sprechen, dass l\u00e4ndliche R\u00e4ume eine spezifische Transformation erleben: durch demografische Ver\u00e4nderungen aufgrund von selektiver Zu- und Abwanderung, durch den grundlegenden Wandel von Agrarm\u00e4rkten und den Relevanzverlust des prim\u00e4ren Sektors, durch Wegfall und Neuentstehung l\u00e4ndlicher Infrastrukturen und durch die \u2013 mit all dem einhergehende \u2013 Erosion bislang pr\u00e4gender Netzwerke und Sozialstrukturen. Diese Transformationen sind nicht konfliktfrei: Daf\u00fcr stehen Stichworte wie \u00bblandgrabbing\u00ab, Proteste gegen neue Energieinfrastrukturen oder Schulschlie\u00dfungen, zwischen \u00bbAlteingessenen\u00ab und \u00bbZugezogenen\u00ab gespaltene D\u00f6rfer oder die mediale Stigmatisierung ganzer Regionen als \u00bbver\u00f6det\u00ab. Eine gesellschaftliche Linke wie auch die kritische Wissenschaft sind in diesen Konflikten bislang kaum pr\u00e4sent \u2013 Zeit, das zu \u00e4ndern.<\/p>\n","protected":false},"excerpt":{"rendered":"<p>Perspektiven auf rurale Entwicklung<\/p>\n","protected":false},"featured_media":865,"template":"","meta":[],"product_brand":[],"product_cat":[38],"product_tag":[],"class_list":["post-1429","product","type-product","status-publish","has-post-thumbnail","product_cat-prokla","pa_autor_herausgeber-prokla","first","instock","taxable","shipping-taxable","purchasable","product-type-simple"],"_links":{"self":[{"href":"https:\/\/bertz-fischer.de\/bf-api\/wp\/v2\/product\/1429","targetHints":{"allow":["GET"]}}],"collection":[{"href":"https:\/\/bertz-fischer.de\/bf-api\/wp\/v2\/product"}],"about":[{"href":"https:\/\/bertz-fischer.de\/bf-api\/wp\/v2\/types\/product"}],"wp:featuredmedia":[{"embeddable":true,"href":"https:\/\/bertz-fischer.de\/bf-api\/wp\/v2\/media\/865"}],"wp:attachment":[{"href":"https:\/\/bertz-fischer.de\/bf-api\/wp\/v2\/media?parent=1429"}],"wp:term":[{"taxonomy":"product_brand","embeddable":true,"href":"https:\/\/bertz-fischer.de\/bf-api\/wp\/v2\/product_brand?post=1429"},{"taxonomy":"product_cat","embeddable":true,"href":"https:\/\/bertz-fischer.de\/bf-api\/wp\/v2\/product_cat?post=1429"},{"taxonomy":"product_tag","embeddable":true,"href":"https:\/\/bertz-fischer.de\/bf-api\/wp\/v2\/product_tag?post=1429"}],"curies":[{"name":"wp","href":"https:\/\/api.w.org\/{rel}","templated":true}]}}

<p>»Das Land« ist seit einiger Zeit wieder »in«. Es gilt als Rückgrat einer nachhaltigen Entwicklung und angesichts der Covid-19-Pandemie als vermeintlich sicherer Ort . Andererseits wird mit dem ländlichen Raum »Abgehängtsein« verbunden, wodurch – so heißt es – rechte Parteien überdurchschnittlich viele Stimmen gewinnen konnten. Natürlich stehen Stadt und Land in einem Wechselverhältnis zueinander und sind nicht scharf voneinander abzugrenzen; trotzdem kann man davon sprechen, dass ländliche Räume eine spezifische Transformation erleben: durch demografische Veränderungen aufgrund von selektiver Zu- und Abwanderung, durch den grundlegenden Wandel von Agrarmärkten und den Relevanzverlust des primären Sektors, durch Wegfall und Neuentstehung ländlicher Infrastrukturen und durch die – mit all dem einhergehende – Erosion bislang prägender Netzwerke und Sozialstrukturen. Diese Transformationen sind nicht konfliktfrei: Dafür stehen Stichworte wie »landgrabbing«, Proteste gegen neue Energieinfrastrukturen oder Schulschließungen, zwischen »Alteingessenen« und »Zugezogenen« gespaltene Dörfer oder die mediale Stigmatisierung ganzer Regionen als »verödet«. Eine gesellschaftliche Linke wie auch die kritische Wissenschaft sind in diesen Konflikten bislang kaum präsent – Zeit, das zu ändern.</p>
