{"id":1424,"date":"2021-03-01T00:00:08","date_gmt":"2021-02-28T23:00:08","guid":{"rendered":"https:\/\/bertz-fischer.de\/produkt\/prokla-202-green-new-deal\/"},"modified":"2026-06-18T07:20:46","modified_gmt":"2026-06-18T05:20:46","slug":"prokla202","status":"publish","type":"product","link":"https:\/\/bertz-fischer.de\/titel\/prokla202\/","title":{"rendered":"PROKLA 202: Green New Deal!?"},"content":{"rendered":"<p>\u00bbUnd wir k\u00f6nnen unseren Kindern diese Welt als einen besseren Ort \u00fcbergeben\u00ab \u2013 diesen Satz hat nicht der Papst, Karl Marx oder eine aufstrebende F\u00fchrungsfigur der Gr\u00fcnen formuliert, sondern die Pr\u00e4sidentin der Europ\u00e4ischen Kommission, Ursula von der Leyen. Mit dem \u00bbGreen Deal\u00ab soll die EU bis zum Jahr 2050 klimaneutral werden. Jetzt sei \u00bbunsere Chance, unsere Volkswirtschaften anders zu gestalten und sie widerstandsf\u00e4higer zu machen\u00ab, so von der Leyen. Damit greift die Kommissionspr\u00e4sidentin ein Thema auf, das dank sozialer Bewegungen wie \u00bbFridays for Future\u00ab vor der Corona-Krise stark in die \u00f6ffentliche Aufmerksamkeit ger\u00fcckt wurde: den Klimawandel. Oder ist auch dieses Mal alles wieder nur Rhetorik?<\/p>\n<p>Das PROKLA-Heft n\u00e4hert sich dem \u00bbGreen New Deal\u00ab und der un\u00fcbersichtlichen Gemengelage \u00fcber drei thematische Str\u00e4nge: die Ideengeschichte, die aktuellen progressiven Debatten sowie die gegenw\u00e4rtig herrschende Politik. Wie ist das transformatorische Potenzial des \u00bbEuropean Green Deal\u00ab einzusch\u00e4tzen? Verbleibt er auf der Ebene einer technologiefixierten \u00f6kologischen Modernisierung, oder gibt es Elemente, die in Richtung einer grundlegenden sozial-\u00f6kologischen Transformation weisen?<\/p>\n","protected":false},"excerpt":{"rendered":"<p>PROKLA 202<\/p>\n","protected":false},"featured_media":867,"template":"","meta":[],"product_brand":[],"product_cat":[38],"product_tag":[],"class_list":["post-1424","product","type-product","status-publish","has-post-thumbnail","product_cat-prokla","pa_autor_herausgeber-prokla","first","instock","taxable","shipping-taxable","purchasable","product-type-simple"],"_links":{"self":[{"href":"https:\/\/bertz-fischer.de\/bf-api\/wp\/v2\/product\/1424","targetHints":{"allow":["GET"]}}],"collection":[{"href":"https:\/\/bertz-fischer.de\/bf-api\/wp\/v2\/product"}],"about":[{"href":"https:\/\/bertz-fischer.de\/bf-api\/wp\/v2\/types\/product"}],"wp:featuredmedia":[{"embeddable":true,"href":"https:\/\/bertz-fischer.de\/bf-api\/wp\/v2\/media\/867"}],"wp:attachment":[{"href":"https:\/\/bertz-fischer.de\/bf-api\/wp\/v2\/media?parent=1424"}],"wp:term":[{"taxonomy":"product_brand","embeddable":true,"href":"https:\/\/bertz-fischer.de\/bf-api\/wp\/v2\/product_brand?post=1424"},{"taxonomy":"product_cat","embeddable":true,"href":"https:\/\/bertz-fischer.de\/bf-api\/wp\/v2\/product_cat?post=1424"},{"taxonomy":"product_tag","embeddable":true,"href":"https:\/\/bertz-fischer.de\/bf-api\/wp\/v2\/product_tag?post=1424"}],"curies":[{"name":"wp","href":"https:\/\/api.w.org\/{rel}","templated":true}]}}

<p>»Und wir können unseren Kindern diese Welt als einen besseren Ort übergeben« – diesen Satz hat nicht der Papst, Karl Marx oder eine aufstrebende Führungsfigur der Grünen formuliert, sondern die Präsidentin der Europäischen Kommission, Ursula von der Leyen. Mit dem »Green Deal« soll die EU bis zum Jahr 2050 klimaneutral werden. Jetzt sei »unsere Chance, unsere Volkswirtschaften anders zu gestalten und sie widerstandsfähiger zu machen«, so von der Leyen. Damit greift die Kommissionspräsidentin ein Thema auf, das dank sozialer Bewegungen wie »Fridays for Future« vor der Corona-Krise stark in die öffentliche Aufmerksamkeit gerückt wurde: den Klimawandel. Oder ist auch dieses Mal alles wieder nur Rhetorik?</p>
<p>Das PROKLA-Heft nähert sich dem »Green New Deal« und der unübersichtlichen Gemengelage über drei thematische Stränge: die Ideengeschichte, die aktuellen progressiven Debatten sowie die gegenwärtig herrschende Politik. Wie ist das transformatorische Potenzial des »European Green Deal« einzuschätzen? Verbleibt er auf der Ebene einer technologiefixierten ökologischen Modernisierung, oder gibt es Elemente, die in Richtung einer grundlegenden sozial-ökologischen Transformation weisen?</p>
