{"id":1420,"date":"2022-01-01T18:44:07","date_gmt":"2022-01-01T17:44:07","guid":{"rendered":"https:\/\/bertz-fischer.de\/produkt\/kapital-krise\/"},"modified":"2026-06-19T06:49:15","modified_gmt":"2026-06-19T04:49:15","slug":"kapital-krise","status":"publish","type":"product","link":"https:\/\/bertz-fischer.de\/titel\/kapital-krise\/","title":{"rendered":"Kapital &amp; Krise"},"content":{"rendered":"<p>Krisentheorie geh\u00f6rt seit Marx zum festen Bestandteil kritischer Kapitalismus- und Gesellschaftsanalyse. Sp\u00e4testens aber seit der Weltwirtschaftskrise nach 2007 kann der Blick auf das \u00f6konomische Gef\u00fcge allein keine ausreichenden Erkl\u00e4rungen mehr liefern, zu komplex ist die Lage. Die verschiedenen Krisenprozesse \u2013 insbesondere die Krise der Demokratie, die Krise der Naturverh\u00e4ltnisse, der Geschlechterverh\u00e4ltnisse und die Klimakrise \u2013 k\u00f6nnen nicht mehr nur addiert werden. Vielmehr ist es notwendig, die verschiedenen Dimensionen und ihren inneren Zusammenhang als Multiple Krise zu erfassen und somit Wechselwirkungen und Kausalit\u00e4ten zu verstehen.<\/p>\n<p>In dem Buch werden die verschiedenen Str\u00e4nge der Krisentheorie marxistischer und gesellschaftskritischer Pr\u00e4gung nachgezeichnet und in eine Darstellung der Multiplen Krise im Kapitalismus integriert. Ausgehend von der etymologischen Bedeutung von \u00bbKrise\u00ab wird erl\u00e4utert, wie sich die Debatten in den verschiedenen (wissenschaftlichen) Disziplinen entwickelt haben. War Marx der Ausgangspunkt, so kamen wichtige Impulse insbesondere von Antonio Gramsci und Nicos Poulantzas in die Diskussion, deren L\u00fccken in j\u00fcngerer Zeit vor allem durch feministische Ans\u00e4tze geschlossen wurden. Die theoretische wie praktisch-politische Auseinandersetzung mit Krisen (und deren L\u00f6sungen) ist dabei selbst eingebunden in gesellschaftspolitische Auseinandersetzungen um Deutungshoheit, Macht und Hegemonie. Als Ergebnis dieser teils gewaltvollen K\u00e4mpfe wird die Krise im b\u00fcrgerlichen Denken h\u00e4ufig als Chance verstanden, der man sich gern im Sinne einer Herausforderung zu stellen habe; zugleich werden Krisen, ihre Ursachen und deren Bew\u00e4ltigung individualisiert: Ihr gesellschaftlicher Zusammenhang wird zerrissen. Dieser Sicht steht die Theorie der Multiplen Krise entgegen.<\/p>\n","protected":false},"excerpt":{"rendered":"<p>Zur Theorie der Multiplen Krise des Kapitalismus<br \/>\nKritische Wissenschaft 3<\/p>\n","protected":false},"featured_media":876,"template":"","meta":[],"product_brand":[],"product_cat":[58],"product_tag":[],"class_list":["post-1420","product","type-product","status-publish","has-post-thumbnail","product_cat-kritische-wissenschaft","pa_autor_herausgeber-sebastian_klauke","first","instock","taxable","shipping-taxable","purchasable","product-type-simple"],"_links":{"self":[{"href":"https:\/\/bertz-fischer.de\/bf-api\/wp\/v2\/product\/1420","targetHints":{"allow":["GET"]}}],"collection":[{"href":"https:\/\/bertz-fischer.de\/bf-api\/wp\/v2\/product"}],"about":[{"href":"https:\/\/bertz-fischer.de\/bf-api\/wp\/v2\/types\/product"}],"wp:featuredmedia":[{"embeddable":true,"href":"https:\/\/bertz-fischer.de\/bf-api\/wp\/v2\/media\/876"}],"wp:attachment":[{"href":"https:\/\/bertz-fischer.de\/bf-api\/wp\/v2\/media?parent=1420"}],"wp:term":[{"taxonomy":"product_brand","embeddable":true,"href":"https:\/\/bertz-fischer.de\/bf-api\/wp\/v2\/product_brand?post=1420"},{"taxonomy":"product_cat","embeddable":true,"href":"https:\/\/bertz-fischer.de\/bf-api\/wp\/v2\/product_cat?post=1420"},{"taxonomy":"product_tag","embeddable":true,"href":"https:\/\/bertz-fischer.de\/bf-api\/wp\/v2\/product_tag?post=1420"}],"curies":[{"name":"wp","href":"https:\/\/api.w.org\/{rel}","templated":true}]}}

<p>Krisentheorie gehört seit Marx zum festen Bestandteil kritischer Kapitalismus- und Gesellschaftsanalyse. Spätestens aber seit der Weltwirtschaftskrise nach 2007 kann der Blick auf das ökonomische Gefüge allein keine ausreichenden Erklärungen mehr liefern, zu komplex ist die Lage. Die verschiedenen Krisenprozesse – insbesondere die Krise der Demokratie, die Krise der Naturverhältnisse, der Geschlechterverhältnisse und die Klimakrise – können nicht mehr nur addiert werden. Vielmehr ist es notwendig, die verschiedenen Dimensionen und ihren inneren Zusammenhang als Multiple Krise zu erfassen und somit Wechselwirkungen und Kausalitäten zu verstehen.</p>
<p>In dem Buch werden die verschiedenen Stränge der Krisentheorie marxistischer und gesellschaftskritischer Prägung nachgezeichnet und in eine Darstellung der Multiplen Krise im Kapitalismus integriert. Ausgehend von der etymologischen Bedeutung von »Krise« wird erläutert, wie sich die Debatten in den verschiedenen (wissenschaftlichen) Disziplinen entwickelt haben. War Marx der Ausgangspunkt, so kamen wichtige Impulse insbesondere von Antonio Gramsci und Nicos Poulantzas in die Diskussion, deren Lücken in jüngerer Zeit vor allem durch feministische Ansätze geschlossen wurden. Die theoretische wie praktisch-politische Auseinandersetzung mit Krisen (und deren Lösungen) ist dabei selbst eingebunden in gesellschaftspolitische Auseinandersetzungen um Deutungshoheit, Macht und Hegemonie. Als Ergebnis dieser teils gewaltvollen Kämpfe wird die Krise im bürgerlichen Denken häufig als Chance verstanden, der man sich gern im Sinne einer Herausforderung zu stellen habe; zugleich werden Krisen, ihre Ursachen und deren Bewältigung individualisiert: Ihr gesellschaftlicher Zusammenhang wird zerrissen. Dieser Sicht steht die Theorie der Multiplen Krise entgegen.</p>
