{"id":1417,"date":"2020-12-01T00:00:06","date_gmt":"2020-11-30T23:00:06","guid":{"rendered":"https:\/\/bertz-fischer.de\/produkt\/prokla-201-die-politische-oekonomie-des-krieges\/"},"modified":"2026-06-18T07:20:46","modified_gmt":"2026-06-18T05:20:46","slug":"prokla201","status":"publish","type":"product","link":"https:\/\/bertz-fischer.de\/titel\/prokla201\/","title":{"rendered":"PROKLA 201: Die Politische \u00d6konomie des Krieges"},"content":{"rendered":"<p>\u00bbFriedensdividende\u00ab \u2013 so lautete nach 1990 ein hoffnungsvolles Versprechen nach dem Ende des Kalten Krieges. Aber schon um die Jahrtausendwende wurde eine Epoche von \u00bbneuen Kriegen\u00ab ausgerufen: Diese seien unkonventionelle Konflikte, in denen verschiedene lokale B\u00fcrgerkriegsparteien danach trachteten, sich gewaltsam zu behaupten. Doch weder ist diese Form der Kriege wirklich neu, noch haben wirtschaftliche und milit\u00e4rische Gro\u00dfm\u00e4chte damit nichts zu tun \u2013 im Gegenteil. Der klassische Fall ist der bald ein Jahrzehnt andauernde Syrienkrieg. Dabei geht es den ausl\u00e4ndischen Akteuren um geopolitische und ideologische Interessen oder um Prestige vor der eigenen W\u00e4hlerschaft \u2013 ganz wesentlich aber um den Zugang zu Erdgas und Erd\u00f6l. Solche Kriege gibt es seit Jahrhunderten, sie haben allerdings gerade in j\u00fcngster Zeit dazu gef\u00fchrt, dass ressourcenreiche L\u00e4nder h\u00e4ufig unter einem \u00bbRessourcenfluch\u00ab leiden. Dar\u00fcber hinaus diskutiert die PROKLA die Militarisierung selbst als Gesch\u00e4ftsfeld f\u00fcr einschl\u00e4gige Unternehmen und f\u00e4chert so die diversen Dimensionen der politischen \u00d6konomie des Krieges auf.<\/p>\n","protected":false},"excerpt":{"rendered":"<p>PROKLA 201<\/p>\n","protected":false},"featured_media":868,"template":"","meta":[],"product_brand":[],"product_cat":[38],"product_tag":[],"class_list":["post-1417","product","type-product","status-publish","has-post-thumbnail","product_cat-prokla","pa_autor_herausgeber-prokla","first","instock","taxable","shipping-taxable","purchasable","product-type-simple"],"_links":{"self":[{"href":"https:\/\/bertz-fischer.de\/bf-api\/wp\/v2\/product\/1417","targetHints":{"allow":["GET"]}}],"collection":[{"href":"https:\/\/bertz-fischer.de\/bf-api\/wp\/v2\/product"}],"about":[{"href":"https:\/\/bertz-fischer.de\/bf-api\/wp\/v2\/types\/product"}],"wp:featuredmedia":[{"embeddable":true,"href":"https:\/\/bertz-fischer.de\/bf-api\/wp\/v2\/media\/868"}],"wp:attachment":[{"href":"https:\/\/bertz-fischer.de\/bf-api\/wp\/v2\/media?parent=1417"}],"wp:term":[{"taxonomy":"product_brand","embeddable":true,"href":"https:\/\/bertz-fischer.de\/bf-api\/wp\/v2\/product_brand?post=1417"},{"taxonomy":"product_cat","embeddable":true,"href":"https:\/\/bertz-fischer.de\/bf-api\/wp\/v2\/product_cat?post=1417"},{"taxonomy":"product_tag","embeddable":true,"href":"https:\/\/bertz-fischer.de\/bf-api\/wp\/v2\/product_tag?post=1417"}],"curies":[{"name":"wp","href":"https:\/\/api.w.org\/{rel}","templated":true}]}}

PROKLA 201: Die Politische Ökonomie des Krieges

<p>»Friedensdividende« – so lautete nach 1990 ein hoffnungsvolles Versprechen nach dem Ende des Kalten Krieges. Aber schon um die Jahrtausendwende wurde eine Epoche von »neuen Kriegen« ausgerufen: Diese seien unkonventionelle Konflikte, in denen verschiedene lokale Bürgerkriegsparteien danach trachteten, sich gewaltsam zu behaupten. Doch weder ist diese Form der Kriege wirklich neu, noch haben wirtschaftliche und militärische Großmächte damit nichts zu tun – im Gegenteil. Der klassische Fall ist der bald ein Jahrzehnt andauernde Syrienkrieg. Dabei geht es den ausländischen Akteuren um geopolitische und ideologische Interessen oder um Prestige vor der eigenen Wählerschaft – ganz wesentlich aber um den Zugang zu Erdgas und Erdöl. Solche Kriege gibt es seit Jahrhunderten, sie haben allerdings gerade in jüngster Zeit dazu geführt, dass ressourcenreiche Länder häufig unter einem »Ressourcenfluch« leiden. Darüber hinaus diskutiert die PROKLA die Militarisierung selbst als Geschäftsfeld für einschlägige Unternehmen und fächert so die diversen Dimensionen der politischen Ökonomie des Krieges auf.</p>
