{"id":1416,"date":"2020-09-01T00:00:06","date_gmt":"2020-08-31T22:00:06","guid":{"rendered":"https:\/\/bertz-fischer.de\/produkt\/prokla-200-probleme-des-klassenkampfs-heute\/"},"modified":"2026-06-18T07:20:46","modified_gmt":"2026-06-18T05:20:46","slug":"prokla200","status":"publish","type":"product","link":"https:\/\/bertz-fischer.de\/titel\/prokla200\/","title":{"rendered":"PROKLA 200: Probleme des Klassenkampfs \u2013 heute"},"content":{"rendered":"<p>1971 wurde die Zeitschrift \u00bbProbleme des Klassenkampfs\u00ab ins Leben gerufen, doch schon 1976 erschien die mit dem Titel verbundene Emphase anachronistisch: Seitdem hei\u00dft sie \u00bbPROKLA\u00ab. Das Jubil\u00e4umsheft 200 ist Anlass, nach der Gegenw\u00e4rtigkeit und Dringlichkeit von Klassenk\u00e4mpfen zu fragen: In den letzten Jahren haben zwar Klassentheorien wieder an Aktualit\u00e4t gewonnen, weit weniger indes die Klassenk\u00e4mpfe und kaum die Frage nach ihren Problemen. Die Probleme f\u00fchren uns nicht nur die Geschichte vor Augen, etwa ein Vergleich zwischen Russland und Deutschland um die Jahre von 1918. Die Autor*innen diskutieren auch die Klassendimension der diversen Bewegungen und K\u00e4mpfe der letzten Jahre, wie die gegen den Klimawandel, oder die Klasseninteressen in den Auseinandersetzungen um die Corona-Hilfspakete der Bundesregierung. Diese K\u00e4mpfe finden global statt, in L\u00e4ndern wie Chile seit vielen Jahren. Ebenso soll nach den M\u00f6glichkeiten gefragt werden, ganze Branchen \u00bbgegen die Interessen der Besch\u00e4ftigen\u00ab grundlegend zu ver\u00e4ndern, f\u00fcr einen \u00f6kologischen Umbau der Gesellschaft.<\/p>\n","protected":false},"excerpt":{"rendered":"<p>1971 wurde die Zeitschrift \u00bbProbleme des Klassenkampfs\u00ab ins Leben gerufen, doch schon 1976 erschien die mit dem Titel verbundene Emphase anachronistisch: Seitdem hei\u00dft sie \u00bbPROKLA\u00ab. Das Jubil\u00e4umsheft 200 ist Anlass, nach der Gegenw\u00e4rtigkeit und Dringlichkeit von Klassenk\u00e4mpfen zu fragen: In den letzten Jahren haben zwar Klassentheorien wieder an Aktualit\u00e4t gewonnen, weit weniger indes die Klassenk\u00e4mpfe [&hellip;]<\/p>\n","protected":false},"featured_media":869,"template":"","meta":[],"product_brand":[],"product_cat":[38],"product_tag":[],"class_list":["post-1416","product","type-product","status-publish","has-post-thumbnail","product_cat-prokla","pa_autor_herausgeber-prokla","first","instock","taxable","shipping-taxable","purchasable","product-type-simple"],"_links":{"self":[{"href":"https:\/\/bertz-fischer.de\/bf-api\/wp\/v2\/product\/1416","targetHints":{"allow":["GET"]}}],"collection":[{"href":"https:\/\/bertz-fischer.de\/bf-api\/wp\/v2\/product"}],"about":[{"href":"https:\/\/bertz-fischer.de\/bf-api\/wp\/v2\/types\/product"}],"wp:featuredmedia":[{"embeddable":true,"href":"https:\/\/bertz-fischer.de\/bf-api\/wp\/v2\/media\/869"}],"wp:attachment":[{"href":"https:\/\/bertz-fischer.de\/bf-api\/wp\/v2\/media?parent=1416"}],"wp:term":[{"taxonomy":"product_brand","embeddable":true,"href":"https:\/\/bertz-fischer.de\/bf-api\/wp\/v2\/product_brand?post=1416"},{"taxonomy":"product_cat","embeddable":true,"href":"https:\/\/bertz-fischer.de\/bf-api\/wp\/v2\/product_cat?post=1416"},{"taxonomy":"product_tag","embeddable":true,"href":"https:\/\/bertz-fischer.de\/bf-api\/wp\/v2\/product_tag?post=1416"}],"curies":[{"name":"wp","href":"https:\/\/api.w.org\/{rel}","templated":true}]}}

<p>1971 wurde die Zeitschrift »Probleme des Klassenkampfs« ins Leben gerufen, doch schon 1976 erschien die mit dem Titel verbundene Emphase anachronistisch: Seitdem heißt sie »PROKLA«. Das Jubiläumsheft 200 ist Anlass, nach der Gegenwärtigkeit und Dringlichkeit von Klassenkämpfen zu fragen: In den letzten Jahren haben zwar Klassentheorien wieder an Aktualität gewonnen, weit weniger indes die Klassenkämpfe und kaum die Frage nach ihren Problemen. Die Probleme führen uns nicht nur die Geschichte vor Augen, etwa ein Vergleich zwischen Russland und Deutschland um die Jahre von 1918. Die Autor*innen diskutieren auch die Klassendimension der diversen Bewegungen und Kämpfe der letzten Jahre, wie die gegen den Klimawandel, oder die Klasseninteressen in den Auseinandersetzungen um die Corona-Hilfspakete der Bundesregierung. Diese Kämpfe finden global statt, in Ländern wie Chile seit vielen Jahren. Ebenso soll nach den Möglichkeiten gefragt werden, ganze Branchen »gegen die Interessen der Beschäftigen« grundlegend zu verändern, für einen ökologischen Umbau der Gesellschaft.</p>

<p>1971 wurde die Zeitschrift »Probleme des Klassenkampfs« ins Leben gerufen, doch schon 1976 erschien die mit dem Titel verbundene Emphase anachronistisch: Seitdem heißt sie »PROKLA«. Das Jubiläumsheft 200 ist Anlass, nach der Gegenwärtigkeit und Dringlichkeit von Klassenkämpfen zu fragen: In den letzten Jahren haben zwar Klassentheorien wieder an Aktualität gewonnen, weit weniger indes die Klassenkämpfe [&hellip;]</p>
