{"id":1387,"date":"2024-07-22T18:43:58","date_gmt":"2024-07-22T16:43:58","guid":{"rendered":"https:\/\/bertz-fischer.de\/produkt\/herrlich-inkorrekt\/"},"modified":"2026-07-22T12:36:58","modified_gmt":"2026-07-22T10:36:58","slug":"herrlich-inkorrekt","status":"publish","type":"product","link":"https:\/\/bertz-fischer.de\/titel\/herrlich-inkorrekt\/","title":{"rendered":"\u00bbHerrlich inkorrekt\u00ab"},"content":{"rendered":"<p>Der TATORT aus M\u00fcnster ist aktuell der beliebteste unter den Krimis der traditionsreichen ARD-Reihe. Der m\u00fcrrische Kommissar Frank Thiel (Axel Prahl) und der schn\u00f6selige Gerichtsmediziner Professor Karl-Friedrich Boerne (Jan Josef Liefers) bilden ein Paar, das gegens\u00e4tzlicher nicht sein k\u00f6nnte. Hier das bodenst\u00e4ndige Raubein mit Herz, das sich neben den Ermittlungen nicht selten um die Eskapaden seines Taxi fahrenden 68er-Vaters k\u00fcmmern muss. Dort der eloquente Sch\u00f6ngeist, der nicht nur seine Assistentin \u00bbAlberich\u00ab von oben herab behandelt. Auch formal sind die Thiel-Boerne-TATORTE ein Novum, versuchen sie doch zugleich Krimi und Krimiparodie zu sein.<\/p>\n<p>Der zweite Band der Reihe \u00bbErmittlungen in Sachen TATORT\u00ab liefert einen kritischen Durchgang durch die bisher 18 Folgen um das ungleiche Ermittlerduo, beschreibt die Besonderheiten des M\u00fcnsteraner TATORTS und er\u00f6rtert, was von den wiederkehrenden Verst\u00f6\u00dfen gegen vermeintliche \u00bbpolitische Korrektheiten\u00ab zu halten ist. Das Buch ist gro\u00dfz\u00fcgig bebildert.<\/p>\n","protected":false},"excerpt":{"rendered":"<p>Die Thiel-Boerne-TATORTE<br \/>\nErmittlungen in Sachen TATORT 2<\/p>\n","protected":false},"featured_media":932,"template":"","meta":[],"product_brand":[],"product_cat":[52],"product_tag":[],"class_list":["post-1387","product","type-product","status-publish","has-post-thumbnail","product_cat-populaeres-kino-tv","first","instock","taxable","shipping-taxable","purchasable","product-type-simple"],"_links":{"self":[{"href":"https:\/\/bertz-fischer.de\/bf-api\/wp\/v2\/product\/1387","targetHints":{"allow":["GET"]}}],"collection":[{"href":"https:\/\/bertz-fischer.de\/bf-api\/wp\/v2\/product"}],"about":[{"href":"https:\/\/bertz-fischer.de\/bf-api\/wp\/v2\/types\/product"}],"wp:featuredmedia":[{"embeddable":true,"href":"https:\/\/bertz-fischer.de\/bf-api\/wp\/v2\/media\/932"}],"wp:attachment":[{"href":"https:\/\/bertz-fischer.de\/bf-api\/wp\/v2\/media?parent=1387"}],"wp:term":[{"taxonomy":"product_brand","embeddable":true,"href":"https:\/\/bertz-fischer.de\/bf-api\/wp\/v2\/product_brand?post=1387"},{"taxonomy":"product_cat","embeddable":true,"href":"https:\/\/bertz-fischer.de\/bf-api\/wp\/v2\/product_cat?post=1387"},{"taxonomy":"product_tag","embeddable":true,"href":"https:\/\/bertz-fischer.de\/bf-api\/wp\/v2\/product_tag?post=1387"}],"curies":[{"name":"wp","href":"https:\/\/api.w.org\/{rel}","templated":true}]}}

<p>Der TATORT aus Münster ist aktuell der beliebteste unter den Krimis der traditionsreichen ARD-Reihe. Der mürrische Kommissar Frank Thiel (Axel Prahl) und der schnöselige Gerichtsmediziner Professor Karl-Friedrich Boerne (Jan Josef Liefers) bilden ein Paar, das gegensätzlicher nicht sein könnte. Hier das bodenständige Raubein mit Herz, das sich neben den Ermittlungen nicht selten um die Eskapaden seines Taxi fahrenden 68er-Vaters kümmern muss. Dort der eloquente Schöngeist, der nicht nur seine Assistentin »Alberich« von oben herab behandelt. Auch formal sind die Thiel-Boerne-TATORTE ein Novum, versuchen sie doch zugleich Krimi und Krimiparodie zu sein.</p>
<p>Der zweite Band der Reihe »Ermittlungen in Sachen TATORT« liefert einen kritischen Durchgang durch die bisher 18 Folgen um das ungleiche Ermittlerduo, beschreibt die Besonderheiten des Münsteraner TATORTS und erörtert, was von den wiederkehrenden Verstößen gegen vermeintliche »politische Korrektheiten« zu halten ist. Das Buch ist großzügig bebildert.</p>
