{"id":1305,"date":"2024-07-22T18:43:36","date_gmt":"2024-07-22T16:43:36","guid":{"rendered":"https:\/\/bertz-fischer.de\/produkt\/welchen-der-steine-du-hebst\/"},"modified":"2026-07-22T08:21:19","modified_gmt":"2026-07-22T06:21:19","slug":"welchen-der-steine-du-hebst","status":"publish","type":"product","link":"https:\/\/bertz-fischer.de\/titel\/welchen-der-steine-du-hebst\/","title":{"rendered":"\u00bbWelchen der Steine du hebst\u00ab"},"content":{"rendered":"<p>Mahnmale, Erinnerungsorte und die Art des \u00f6ffentlichen Gedenkens an den Holocaust werden in unserer Gesellschaft kontinuierlich diskutiert, das politische und kulturelle Selbstverst\u00e4ndnis ist gepr\u00e4gt von \u2013 oft ikonografischen \u2013 Bildern. Welche Erinnerungsbilder und Deutungsmuster aber gibt es, und aus welchen Gr\u00fcnden haben sie (k)einen Platz im kollektiven Ged\u00e4chtnis gefunden? Der Sammelband befasst sich mit der filmischen Erinnerung an den Holocaust. Die Beitr\u00e4ge widmen sich \u00fcberwiegend Filmbeispielen, die sich kritisch mit den ikonografischen Mustern auseinandersetzen oder Fragen nach den Grenzen und M\u00f6glichkeiten von Erinnerung selbst aufwerfen. Mit Blick auf eine zunehmend globalisierte Erinnerungskultur werden internationale Filmwerke untersucht und Erinnerungsr\u00e4ume betrachtet: Im Mittelpunkt steht dabei die Frage, wie sich die filmische Erinnerung an die Verfolgung und die NS-Massenmorde im Laufe der Jahrzehnte ver\u00e4ndert hat, zum Beispiel in Bezug auf T\u00e4ter- und Opferperspektiven oder unterschiedliche Opfergruppen. So werden unter anderem auch die Verfolgung von Roma und Sinti und Homosexuellen als \u00bbLeerstellen der Erinnerung\u00ab thematisiert.<\/p>\n<p>Mit Beitr\u00e4gen von Gabriel Finder, Konstanze Hanitzsch, Heike Klippel, Daniel Kothenschulte, Sven Kramer, Hanno Loewy, Ronny Loewy, Matthias N. Lorenz, Claus L\u00f6ser, Thomas Macho, Klaus M\u00fcller, Tobias Nagl, Lihi Nagler, Yvonne Robel, Julia Roth, Martin Schellenberg, Tanja Seider, Marcus Stiglegger, Alexandra Tacke, Iris Wachsmuth, Ulrike Weckel, Mirjam Wenzel und Michael Wildt.<\/p>\n","protected":false},"excerpt":{"rendered":"<p>Filmische Erinnerung an den Holocaust<br \/>\nMedien\/Kultur 3<\/p>\n","protected":false},"featured_media":1016,"template":"","meta":[],"product_brand":[],"product_cat":[65],"product_tag":[],"class_list":["post-1305","product","type-product","status-publish","has-post-thumbnail","product_cat-reihe-medien-kultur","pa_autor_herausgeber-claudia_bruns","pa_autor_herausgeber-asal_dardan","pa_autor_herausgeber-anette_dietrich","first","instock","taxable","shipping-taxable","purchasable","product-type-simple"],"_links":{"self":[{"href":"https:\/\/bertz-fischer.de\/bf-api\/wp\/v2\/product\/1305","targetHints":{"allow":["GET"]}}],"collection":[{"href":"https:\/\/bertz-fischer.de\/bf-api\/wp\/v2\/product"}],"about":[{"href":"https:\/\/bertz-fischer.de\/bf-api\/wp\/v2\/types\/product"}],"wp:featuredmedia":[{"embeddable":true,"href":"https:\/\/bertz-fischer.de\/bf-api\/wp\/v2\/media\/1016"}],"wp:attachment":[{"href":"https:\/\/bertz-fischer.de\/bf-api\/wp\/v2\/media?parent=1305"}],"wp:term":[{"taxonomy":"product_brand","embeddable":true,"href":"https:\/\/bertz-fischer.de\/bf-api\/wp\/v2\/product_brand?post=1305"},{"taxonomy":"product_cat","embeddable":true,"href":"https:\/\/bertz-fischer.de\/bf-api\/wp\/v2\/product_cat?post=1305"},{"taxonomy":"product_tag","embeddable":true,"href":"https:\/\/bertz-fischer.de\/bf-api\/wp\/v2\/product_tag?post=1305"}],"curies":[{"name":"wp","href":"https:\/\/api.w.org\/{rel}","templated":true}]}}

<p>Mahnmale, Erinnerungsorte und die Art des öffentlichen Gedenkens an den Holocaust werden in unserer Gesellschaft kontinuierlich diskutiert, das politische und kulturelle Selbstverständnis ist geprägt von – oft ikonografischen – Bildern. Welche Erinnerungsbilder und Deutungsmuster aber gibt es, und aus welchen Gründen haben sie (k)einen Platz im kollektiven Gedächtnis gefunden? Der Sammelband befasst sich mit der filmischen Erinnerung an den Holocaust. Die Beiträge widmen sich überwiegend Filmbeispielen, die sich kritisch mit den ikonografischen Mustern auseinandersetzen oder Fragen nach den Grenzen und Möglichkeiten von Erinnerung selbst aufwerfen. Mit Blick auf eine zunehmend globalisierte Erinnerungskultur werden internationale Filmwerke untersucht und Erinnerungsräume betrachtet: Im Mittelpunkt steht dabei die Frage, wie sich die filmische Erinnerung an die Verfolgung und die NS-Massenmorde im Laufe der Jahrzehnte verändert hat, zum Beispiel in Bezug auf Täter- und Opferperspektiven oder unterschiedliche Opfergruppen. So werden unter anderem auch die Verfolgung von Roma und Sinti und Homosexuellen als »Leerstellen der Erinnerung« thematisiert.</p>
<p>Mit Beiträgen von Gabriel Finder, Konstanze Hanitzsch, Heike Klippel, Daniel Kothenschulte, Sven Kramer, Hanno Loewy, Ronny Loewy, Matthias N. Lorenz, Claus Löser, Thomas Macho, Klaus Müller, Tobias Nagl, Lihi Nagler, Yvonne Robel, Julia Roth, Martin Schellenberg, Tanja Seider, Marcus Stiglegger, Alexandra Tacke, Iris Wachsmuth, Ulrike Weckel, Mirjam Wenzel und Michael Wildt.</p>
