{"id":1304,"date":"2024-07-22T18:43:35","date_gmt":"2024-07-22T16:43:35","guid":{"rendered":"https:\/\/bertz-fischer.de\/produkt\/global-bodies\/"},"modified":"2026-07-22T08:21:19","modified_gmt":"2026-07-22T06:21:19","slug":"global-bodies","status":"publish","type":"product","link":"https:\/\/bertz-fischer.de\/titel\/global-bodies\/","title":{"rendered":"Global Bodies"},"content":{"rendered":"<p>Der menschliche K\u00f6rper steht im Zentrum der audiovisuellen Medien. Mittels des K\u00f6rpers wird nicht nur von existenziellen Dramen erz\u00e4hlt, sondern auch \u00fcber interkulturelle Konflikte reflektiert \u2013 \u00fcber body politics. Der vorliegende Band diskutiert diese medialisierten K\u00f6rperdarstellungen anhand zeitgen\u00f6ssischer Beispiele und entwirft so ein Panorama der gegenw\u00e4rtigen K\u00f6rpertheorie. Im Zentrum der Beitr\u00e4ge steht die Auseinandersetzung mit oft innovativen Kulturpraktiken der k\u00f6rperlichen Repr\u00e4sentation im Spannungsfeld von medialer Technologie, Konstruktion von Geschlechtern und Identit\u00e4ten sowie kulturellen Kontexten zwischen Nordamerika, Lateinamerika, Ost- und Westeuropa. Es zeigt sich hierbei vor allem eine immer st\u00e4rker in den Vordergrund tretende K\u00f6rperlichkeit der Medien selbst: die mediale Performanz.<\/p>\n<p>Unter anderem geht es um Filme von Darren Aronofsky (BLACK SWAN), Claire Denis (N\u00c9NETTE ET BONI), Philippe Grandrieux (LA VIE NOUVELLE \/ VERRATEN UND VERKAUFT), Lars von Trier (ANTICHRIST), Sylvester Stallone (THE EXPENDABLES), James Cameron (AVATAR), Jaume Balaguer\u00f3 ([REC]), Wong Kar-wai (2046), Alexandre Bustillo und Julien Maury (\u00c0 L\u2019INT\u00c9RIEUR \/ INSIDE), aber auch Beispiele aus anderen Feldern wie Fotografie, Computerspiele und Musikvideoclips. Dabei werden einige Forschungsans\u00e4tze erstmals im deutschsprachigen Kontext vorgestellt.<\/p>\n","protected":false},"excerpt":{"rendered":"<p>Mediale Repr\u00e4sentationen des K\u00f6rpers<br \/>\nMedien\/Kultur 5<\/p>\n","protected":false},"featured_media":1018,"template":"","meta":[],"product_brand":[],"product_cat":[65],"product_tag":[],"class_list":["post-1304","product","type-product","status-publish","has-post-thumbnail","product_cat-reihe-medien-kultur","pa_autor_herausgeber-marcus_stiglegger","pa_autor_herausgeber-ivo_ritzer","first","instock","taxable","shipping-taxable","purchasable","product-type-simple"],"_links":{"self":[{"href":"https:\/\/bertz-fischer.de\/bf-api\/wp\/v2\/product\/1304","targetHints":{"allow":["GET"]}}],"collection":[{"href":"https:\/\/bertz-fischer.de\/bf-api\/wp\/v2\/product"}],"about":[{"href":"https:\/\/bertz-fischer.de\/bf-api\/wp\/v2\/types\/product"}],"wp:featuredmedia":[{"embeddable":true,"href":"https:\/\/bertz-fischer.de\/bf-api\/wp\/v2\/media\/1018"}],"wp:attachment":[{"href":"https:\/\/bertz-fischer.de\/bf-api\/wp\/v2\/media?parent=1304"}],"wp:term":[{"taxonomy":"product_brand","embeddable":true,"href":"https:\/\/bertz-fischer.de\/bf-api\/wp\/v2\/product_brand?post=1304"},{"taxonomy":"product_cat","embeddable":true,"href":"https:\/\/bertz-fischer.de\/bf-api\/wp\/v2\/product_cat?post=1304"},{"taxonomy":"product_tag","embeddable":true,"href":"https:\/\/bertz-fischer.de\/bf-api\/wp\/v2\/product_tag?post=1304"}],"curies":[{"name":"wp","href":"https:\/\/api.w.org\/{rel}","templated":true}]}}

<p>Der menschliche Körper steht im Zentrum der audiovisuellen Medien. Mittels des Körpers wird nicht nur von existenziellen Dramen erzählt, sondern auch über interkulturelle Konflikte reflektiert – über body politics. Der vorliegende Band diskutiert diese medialisierten Körperdarstellungen anhand zeitgenössischer Beispiele und entwirft so ein Panorama der gegenwärtigen Körpertheorie. Im Zentrum der Beiträge steht die Auseinandersetzung mit oft innovativen Kulturpraktiken der körperlichen Repräsentation im Spannungsfeld von medialer Technologie, Konstruktion von Geschlechtern und Identitäten sowie kulturellen Kontexten zwischen Nordamerika, Lateinamerika, Ost- und Westeuropa. Es zeigt sich hierbei vor allem eine immer stärker in den Vordergrund tretende Körperlichkeit der Medien selbst: die mediale Performanz.</p>
<p>Unter anderem geht es um Filme von Darren Aronofsky (BLACK SWAN), Claire Denis (NÉNETTE ET BONI), Philippe Grandrieux (LA VIE NOUVELLE / VERRATEN UND VERKAUFT), Lars von Trier (ANTICHRIST), Sylvester Stallone (THE EXPENDABLES), James Cameron (AVATAR), Jaume Balagueró ([REC]), Wong Kar-wai (2046), Alexandre Bustillo und Julien Maury (À L’INTÉRIEUR / INSIDE), aber auch Beispiele aus anderen Feldern wie Fotografie, Computerspiele und Musikvideoclips. Dabei werden einige Forschungsansätze erstmals im deutschsprachigen Kontext vorgestellt.</p>

<p>Mediale Repräsentationen des Körpers<br />
Medien/Kultur 5</p>
