{"id":1219,"date":"2024-07-22T18:33:39","date_gmt":"2024-07-22T16:33:39","guid":{"rendered":"https:\/\/bertz-fischer.de\/produkt\/film-als-forschungsmethode\/"},"modified":"2026-07-22T08:20:27","modified_gmt":"2026-07-22T06:20:27","slug":"film-als-forschungsmethode","status":"publish","type":"product","link":"https:\/\/bertz-fischer.de\/titel\/film-als-forschungsmethode\/","title":{"rendered":"Film als Forschungsmethode"},"content":{"rendered":"<p>Die Idee, Film als Forschungsmethode zu nutzen, ist so alt wie das Medium selbst. Bereits Ende des 19. Jahrhunderts diente den Br\u00fcdern Lumi\u00e8re ihr Kinematograph zu naturwissenschaftlicher und medizinischer Forschung. Siegfried Kracauer wiederum verortete den Film im Grenzbereich zwischen Wissenschaft und Kunst. Seit einiger Zeit hat sich in der Filmwissenschaft das \u00bbVideo-Essay\u00ab etabliert, das die klassisch schreibende T\u00e4tigkeit des Faches audiovisuell erweitert. Diese kleine Form des forschenden Films und \u00e4hnliche Ans\u00e4tze zielen nicht nur auf eine \u00c4sthetisierung von Wissenschaft, sondern auch auf eine Kritik wissenschaftlich-medialer Beobachtung.<br \/>\nDie Beitr\u00e4ge loten aus, wie mit Film heute und in der Vergangenheit forschend gearbeitet wird und wurde. Es geht um filmische Produktionsforschung, das Verh\u00e4ltnis von Film und Geschichtswissenschaft sowie um Denkans\u00e4tze, die eruieren, wie R\u00e4ume und Orte filmisch erschlossen werden k\u00f6nnen. Reflexionen \u00fcber \u00e4sthetische, ethnografische und dokumentarische Verfahren werden von \u00dcberlegungen zur Methodologie des wissenschaftlichen Films und zum Verh\u00e4ltnis von Naturwissenschaft und Geschichte begleitet. Im Mittelpunkt steht hierbei die Frage, wie Film zur Aneignung und zur Sichtbarmachung dient, aber auch, wie er Methode einer sinnlichen Philosophie und Ausgangsort f\u00fcr Expeditionen sein kann.<\/p>\n<p>Mit Beitr\u00e4gen von: Alejandro Bachmann, Philipp Blum, Philip Cartelli, Paolo Favero, Lily Ford, Dennis G\u00f6ttel, Martin Gruber, Eva Knopf, Sven Kramer, Natalie Lettenewitsch, Sylvie Lindeperg, Vr\u00e4\u00e4th \u00d6hner, Katrin Pilz, Ram\u00f3n Reichert, Catherine Russel, Lena St\u00f6lzl, Thomas Weber.<\/p>\n","protected":false},"excerpt":{"rendered":"<p>Produktion \u2013 Geschichte \u2013 Perspektiven<\/p>\n","protected":false},"featured_media":1071,"template":"","meta":[],"product_brand":[],"product_cat":[63],"product_tag":[],"class_list":["post-1219","product","type-product","status-publish","has-post-thumbnail","product_cat-bremer-symposium","pa_autor_herausgeber-delia_gonzlez_de_reufels","pa_autor_herausgeber-winfried_pauleit","pa_autor_herausgeber-rasmus_greiner","pa_autor_herausgeber-stefano_odorico","first","instock","taxable","shipping-taxable","purchasable","product-type-simple"],"_links":{"self":[{"href":"https:\/\/bertz-fischer.de\/bf-api\/wp\/v2\/product\/1219","targetHints":{"allow":["GET"]}}],"collection":[{"href":"https:\/\/bertz-fischer.de\/bf-api\/wp\/v2\/product"}],"about":[{"href":"https:\/\/bertz-fischer.de\/bf-api\/wp\/v2\/types\/product"}],"wp:featuredmedia":[{"embeddable":true,"href":"https:\/\/bertz-fischer.de\/bf-api\/wp\/v2\/media\/1071"}],"wp:attachment":[{"href":"https:\/\/bertz-fischer.de\/bf-api\/wp\/v2\/media?parent=1219"}],"wp:term":[{"taxonomy":"product_brand","embeddable":true,"href":"https:\/\/bertz-fischer.de\/bf-api\/wp\/v2\/product_brand?post=1219"},{"taxonomy":"product_cat","embeddable":true,"href":"https:\/\/bertz-fischer.de\/bf-api\/wp\/v2\/product_cat?post=1219"},{"taxonomy":"product_tag","embeddable":true,"href":"https:\/\/bertz-fischer.de\/bf-api\/wp\/v2\/product_tag?post=1219"}],"curies":[{"name":"wp","href":"https:\/\/api.w.org\/{rel}","templated":true}]}}

<p>Die Idee, Film als Forschungsmethode zu nutzen, ist so alt wie das Medium selbst. Bereits Ende des 19. Jahrhunderts diente den Brüdern Lumière ihr Kinematograph zu naturwissenschaftlicher und medizinischer Forschung. Siegfried Kracauer wiederum verortete den Film im Grenzbereich zwischen Wissenschaft und Kunst. Seit einiger Zeit hat sich in der Filmwissenschaft das »Video-Essay« etabliert, das die klassisch schreibende Tätigkeit des Faches audiovisuell erweitert. Diese kleine Form des forschenden Films und ähnliche Ansätze zielen nicht nur auf eine Ästhetisierung von Wissenschaft, sondern auch auf eine Kritik wissenschaftlich-medialer Beobachtung.<br />
Die Beiträge loten aus, wie mit Film heute und in der Vergangenheit forschend gearbeitet wird und wurde. Es geht um filmische Produktionsforschung, das Verhältnis von Film und Geschichtswissenschaft sowie um Denkansätze, die eruieren, wie Räume und Orte filmisch erschlossen werden können. Reflexionen über ästhetische, ethnografische und dokumentarische Verfahren werden von Überlegungen zur Methodologie des wissenschaftlichen Films und zum Verhältnis von Naturwissenschaft und Geschichte begleitet. Im Mittelpunkt steht hierbei die Frage, wie Film zur Aneignung und zur Sichtbarmachung dient, aber auch, wie er Methode einer sinnlichen Philosophie und Ausgangsort für Expeditionen sein kann.</p>
<p>Mit Beiträgen von: Alejandro Bachmann, Philipp Blum, Philip Cartelli, Paolo Favero, Lily Ford, Dennis Göttel, Martin Gruber, Eva Knopf, Sven Kramer, Natalie Lettenewitsch, Sylvie Lindeperg, Vrääth Öhner, Katrin Pilz, Ramón Reichert, Catherine Russel, Lena Stölzl, Thomas Weber.</p>
