{"id":1215,"date":"2024-07-22T18:33:38","date_gmt":"2024-07-22T16:33:38","guid":{"rendered":"https:\/\/bertz-fischer.de\/produkt\/die-zukunft-ist-jetzt\/"},"modified":"2026-07-22T08:21:17","modified_gmt":"2026-07-22T06:21:17","slug":"die-zukunft-ist-jetzt","status":"publish","type":"product","link":"https:\/\/bertz-fischer.de\/titel\/die-zukunft-ist-jetzt\/","title":{"rendered":"Die Zukunft ist jetzt"},"content":{"rendered":"<p>Das Science-Fiction-Kino imaginiert zuk\u00fcnftige Welten, alternative Gesellschaften und fantastische Spektakel. Seit Georges M\u00e9li\u00e8s begegnet es der Sehnsucht des Publikums, sinnlich zu erleben, was die technologische Entwicklung m\u00f6glich macht. Als vergn\u00fcgliche Realit\u00e4tsflucht, als Hort existenzieller \u00c4ngste und als Auslotung des wissenschaftlich Denkbaren spielen auch zeitgen\u00f6ssische Science-Fiction-Filme eine bedeutende Rolle. Die Beitr\u00e4ge des Bandes widmen sich dem Verh\u00e4ltnis dieser Filme zur Geschichte und zu R\u00e4umen ebenso wie der Analyse von Kl\u00e4ngen und \u00c4sthetik. Die bisher auf die oftmals spektakul\u00e4re Bildlichkeit ausgerichtete Forschung wird damit um die Untersuchung des Filmtons erweitert, der dem Science-Fiction-Genre nicht minder einen spezifischen Ausdruck verleiht.<\/p>\n<p>Mit Beitr\u00e4gen von Marc Bonner, Delia Gonz\u00e1lez de Reufels, Rasmus Greiner, Matthias Grotkopp, Karin Harrasser, Tobias Haupts, Winfried Pauleit, Christian Pischel, Aidan Power, Ivo Ritzer, David Seed, Vivian Sobchack, Simon Spiegel, Sherryl Vint, Brian Willems und R\u00fcdiger Zill.<\/p>\n","protected":false},"excerpt":{"rendered":"<p>Science-Fiction-Kino als audio-visueller Entwurf von Geschichte(n), R\u00e4umen und Kl\u00e4ngen<\/p>\n","protected":false},"featured_media":1082,"template":"","meta":[],"product_brand":[],"product_cat":[63],"product_tag":[],"class_list":["post-1215","product","type-product","status-publish","has-post-thumbnail","product_cat-bremer-symposium","pa_autor_herausgeber-delia_gonzlez_de_reufels","pa_autor_herausgeber-winfried_pauleit","pa_autor_herausgeber-rasmus_greiner","pa_autor_herausgeber-aidan_power","pa_autor_herausgeber-kommunalkino_bremen_ev","first","instock","taxable","shipping-taxable","purchasable","product-type-simple"],"_links":{"self":[{"href":"https:\/\/bertz-fischer.de\/bf-api\/wp\/v2\/product\/1215","targetHints":{"allow":["GET"]}}],"collection":[{"href":"https:\/\/bertz-fischer.de\/bf-api\/wp\/v2\/product"}],"about":[{"href":"https:\/\/bertz-fischer.de\/bf-api\/wp\/v2\/types\/product"}],"wp:featuredmedia":[{"embeddable":true,"href":"https:\/\/bertz-fischer.de\/bf-api\/wp\/v2\/media\/1082"}],"wp:attachment":[{"href":"https:\/\/bertz-fischer.de\/bf-api\/wp\/v2\/media?parent=1215"}],"wp:term":[{"taxonomy":"product_brand","embeddable":true,"href":"https:\/\/bertz-fischer.de\/bf-api\/wp\/v2\/product_brand?post=1215"},{"taxonomy":"product_cat","embeddable":true,"href":"https:\/\/bertz-fischer.de\/bf-api\/wp\/v2\/product_cat?post=1215"},{"taxonomy":"product_tag","embeddable":true,"href":"https:\/\/bertz-fischer.de\/bf-api\/wp\/v2\/product_tag?post=1215"}],"curies":[{"name":"wp","href":"https:\/\/api.w.org\/{rel}","templated":true}]}}

<p>Das Science-Fiction-Kino imaginiert zukünftige Welten, alternative Gesellschaften und fantastische Spektakel. Seit Georges Méliès begegnet es der Sehnsucht des Publikums, sinnlich zu erleben, was die technologische Entwicklung möglich macht. Als vergnügliche Realitätsflucht, als Hort existenzieller Ängste und als Auslotung des wissenschaftlich Denkbaren spielen auch zeitgenössische Science-Fiction-Filme eine bedeutende Rolle. Die Beiträge des Bandes widmen sich dem Verhältnis dieser Filme zur Geschichte und zu Räumen ebenso wie der Analyse von Klängen und Ästhetik. Die bisher auf die oftmals spektakuläre Bildlichkeit ausgerichtete Forschung wird damit um die Untersuchung des Filmtons erweitert, der dem Science-Fiction-Genre nicht minder einen spezifischen Ausdruck verleiht.</p>
<p>Mit Beiträgen von Marc Bonner, Delia González de Reufels, Rasmus Greiner, Matthias Grotkopp, Karin Harrasser, Tobias Haupts, Winfried Pauleit, Christian Pischel, Aidan Power, Ivo Ritzer, David Seed, Vivian Sobchack, Simon Spiegel, Sherryl Vint, Brian Willems und Rüdiger Zill.</p>

<p>Science-Fiction-Kino als audio-visueller Entwurf von Geschichte(n), Räumen und Klängen</p>
