{"id":1200,"date":"2020-07-22T18:33:34","date_gmt":"2020-07-22T16:33:34","guid":{"rendered":"https:\/\/bertz-fischer.de\/produkt\/neuer-faschismus\/"},"modified":"2026-07-22T08:21:16","modified_gmt":"2026-07-22T06:21:16","slug":"neuer-faschismus","status":"publish","type":"product","link":"https:\/\/bertz-fischer.de\/titel\/neuer-faschismus\/","title":{"rendered":"Neuer Faschismus?"},"content":{"rendered":"<p>Kann es in Italien, dem Mutterland des historischen Faschismus, einen R\u00fcckfall in die Barbarei geben? Die seit 1994, dem Jahr von Berlusconis erstem Wahlsieg, immer wieder gestellte Frage ist aktueller denn je, auch nach dem abrupten Ende der von Matteo Salvini dominierten Koalitionsregierung der Lega mit der F\u00fcnf-Sterne-Bewegung. Denn in der Bev\u00f6lkerung ist die Zustimmung zu einer inhumanen, offen rassistischen und antidemokratischen Politik konstant geblieben. Davon profitieren Gruppierungen, die noch rechts von der Lega stehen, allen voran die neofaschistischen Fratelli d\u2019Italia. Mit rhetorischen Anleihen bei Mussolini signalisiert Salvini: Wir geh\u00f6ren zusammen! \u00bbPrima gli italiani!\u00ab (\u00bbDie Italiener zuerst!\u00ab) ist der nationalistische Slogan, mit dem das rechte Lager die Mehrheit erobern will. Ob das gelingt, ist offen, denn es gibt auch starke Gegenkr\u00e4fte, vor allem in den sozialen Bewegungen und in Teilen der Medien. Die Faschismusfrage sehr ernsthaft, aber ohne Alarmismus zu diskutieren, ist Ziel des Buches.<\/p>\n<p>Dabei muss auch die Rolle der fr\u00fcheren Mitte-Links-Regierungen kritisch betrachtet werden. Denn die Rechtsverschiebung der italienischen Gesellschaft kam nicht \u00fcber Nacht; sie hat eine lange Vorgeschichte. Neoliberale Arbeitsmarktreformen haben das soziale Ungleichgewicht noch versch\u00e4rft. Betroffen sind vor allem Frauen, junge Menschen und der strukturell benachteiligte S\u00fcden des Landes. Dort fallen die sozialen Versprechen der Rechten auf fruchtbaren Boden. Matteo Salvini, der nicht nur ein Hetzer, sondern auch ein Stratege ist, hat daher die regionalistische Lega Nord erfolgreich zur nationalistischen Lega umgebaut. Seine Feinde sind nicht mehr die \u00bbfaulen S\u00fcditaliener\u00ab, sondern Migrant*innen, Roma, Seenotretter*innen und linke \u00bbGutmenschen\u00ab. Auf internationaler Ebene wettert er gegen Merkel, Macron und \u00bbdie EU\u00ab, die sich gegen Italien verschworen habe.<\/p>\n<p>In dem Buch geht es um italienische Besonderheiten, aber auch um die Ausstrahlung des rechten Modells auf B\u00fcndnispartner*innen in anderen europ\u00e4ischen L\u00e4ndern. Sollte der von der Lega angef\u00fchrte Rechtsblock an die Regierung kommen, h\u00e4tte das Auswirkungen auf die politischen Kr\u00e4fteverh\u00e4ltnisse innerhalb der EU. Grund genug, sich die italienischen Verh\u00e4ltnisse genauer anzusehen.<\/p>\n","protected":false},"excerpt":{"rendered":"<p>Der Aufstieg der Rechten in<br \/>\nItalien<br \/>\nPolitik aktuell 8<\/p>\n","protected":false},"featured_media":894,"template":"","meta":[],"product_brand":[],"product_cat":[56],"product_tag":[],"class_list":["post-1200","product","type-product","status-publish","has-post-thumbnail","product_cat-politik-aktuell","pa_autor_herausgeber-jens_renner","first","instock","taxable","shipping-taxable","purchasable","product-type-simple"],"_links":{"self":[{"href":"https:\/\/bertz-fischer.de\/bf-api\/wp\/v2\/product\/1200","targetHints":{"allow":["GET"]}}],"collection":[{"href":"https:\/\/bertz-fischer.de\/bf-api\/wp\/v2\/product"}],"about":[{"href":"https:\/\/bertz-fischer.de\/bf-api\/wp\/v2\/types\/product"}],"wp:featuredmedia":[{"embeddable":true,"href":"https:\/\/bertz-fischer.de\/bf-api\/wp\/v2\/media\/894"}],"wp:attachment":[{"href":"https:\/\/bertz-fischer.de\/bf-api\/wp\/v2\/media?parent=1200"}],"wp:term":[{"taxonomy":"product_brand","embeddable":true,"href":"https:\/\/bertz-fischer.de\/bf-api\/wp\/v2\/product_brand?post=1200"},{"taxonomy":"product_cat","embeddable":true,"href":"https:\/\/bertz-fischer.de\/bf-api\/wp\/v2\/product_cat?post=1200"},{"taxonomy":"product_tag","embeddable":true,"href":"https:\/\/bertz-fischer.de\/bf-api\/wp\/v2\/product_tag?post=1200"}],"curies":[{"name":"wp","href":"https:\/\/api.w.org\/{rel}","templated":true}]}}

<p>Kann es in Italien, dem Mutterland des historischen Faschismus, einen Rückfall in die Barbarei geben? Die seit 1994, dem Jahr von Berlusconis erstem Wahlsieg, immer wieder gestellte Frage ist aktueller denn je, auch nach dem abrupten Ende der von Matteo Salvini dominierten Koalitionsregierung der Lega mit der Fünf-Sterne-Bewegung. Denn in der Bevölkerung ist die Zustimmung zu einer inhumanen, offen rassistischen und antidemokratischen Politik konstant geblieben. Davon profitieren Gruppierungen, die noch rechts von der Lega stehen, allen voran die neofaschistischen Fratelli d’Italia. Mit rhetorischen Anleihen bei Mussolini signalisiert Salvini: Wir gehören zusammen! »Prima gli italiani!« (»Die Italiener zuerst!«) ist der nationalistische Slogan, mit dem das rechte Lager die Mehrheit erobern will. Ob das gelingt, ist offen, denn es gibt auch starke Gegenkräfte, vor allem in den sozialen Bewegungen und in Teilen der Medien. Die Faschismusfrage sehr ernsthaft, aber ohne Alarmismus zu diskutieren, ist Ziel des Buches.</p>
<p>Dabei muss auch die Rolle der früheren Mitte-Links-Regierungen kritisch betrachtet werden. Denn die Rechtsverschiebung der italienischen Gesellschaft kam nicht über Nacht; sie hat eine lange Vorgeschichte. Neoliberale Arbeitsmarktreformen haben das soziale Ungleichgewicht noch verschärft. Betroffen sind vor allem Frauen, junge Menschen und der strukturell benachteiligte Süden des Landes. Dort fallen die sozialen Versprechen der Rechten auf fruchtbaren Boden. Matteo Salvini, der nicht nur ein Hetzer, sondern auch ein Stratege ist, hat daher die regionalistische Lega Nord erfolgreich zur nationalistischen Lega umgebaut. Seine Feinde sind nicht mehr die »faulen Süditaliener«, sondern Migrant*innen, Roma, Seenotretter*innen und linke »Gutmenschen«. Auf internationaler Ebene wettert er gegen Merkel, Macron und »die EU«, die sich gegen Italien verschworen habe.</p>
<p>In dem Buch geht es um italienische Besonderheiten, aber auch um die Ausstrahlung des rechten Modells auf Bündnispartner*innen in anderen europäischen Ländern. Sollte der von der Lega angeführte Rechtsblock an die Regierung kommen, hätte das Auswirkungen auf die politischen Kräfteverhältnisse innerhalb der EU. Grund genug, sich die italienischen Verhältnisse genauer anzusehen.</p>
