{"id":1199,"date":"2020-06-01T00:00:34","date_gmt":"2020-05-31T22:00:34","guid":{"rendered":"https:\/\/bertz-fischer.de\/produkt\/prokla-199-politische-oekonomie-des-eigentums\/"},"modified":"2026-06-18T07:20:46","modified_gmt":"2026-06-18T05:20:46","slug":"prokla199","status":"publish","type":"product","link":"https:\/\/bertz-fischer.de\/titel\/prokla199\/","title":{"rendered":"PROKLA 199: Politische \u00d6konomie des Eigentums"},"content":{"rendered":"<p>Die erregten Debatten angesichts der Kampagne \u00bbDeutsche Wohnen &amp; Co enteignen\u00ab, die die Gesch\u00e4ftspraktiken der Immobilienriesen an den Pranger stellt, zeigen deutlich, welche Grundfesten die kapitalistische Gesellschaftsordnung ausmachen \u2013 Privateigentum an Produktionsmitteln und Grund und Boden \u2013 und welches profane Interesse damit verbunden ist: Profit. Das Heft analysiert die Politische \u00d6konomie des Eigentums, die K\u00e4mpfe, die sich daran entz\u00fcnden \u2013 nicht nur um Kommunalisierung von Wohnraum \u2013, und fragt nach Perspektiven und Grenzen von Genossenschaften und Wirtschaftsdemokratie.<\/p>\n","protected":false},"excerpt":{"rendered":"<p>PROKLA 199<\/p>\n","protected":false},"featured_media":870,"template":"","meta":[],"product_brand":[],"product_cat":[38],"product_tag":[],"class_list":["post-1199","product","type-product","status-publish","has-post-thumbnail","product_cat-prokla","pa_autor_herausgeber-prokla","first","instock","taxable","shipping-taxable","purchasable","product-type-simple"],"_links":{"self":[{"href":"https:\/\/bertz-fischer.de\/bf-api\/wp\/v2\/product\/1199","targetHints":{"allow":["GET"]}}],"collection":[{"href":"https:\/\/bertz-fischer.de\/bf-api\/wp\/v2\/product"}],"about":[{"href":"https:\/\/bertz-fischer.de\/bf-api\/wp\/v2\/types\/product"}],"wp:featuredmedia":[{"embeddable":true,"href":"https:\/\/bertz-fischer.de\/bf-api\/wp\/v2\/media\/870"}],"wp:attachment":[{"href":"https:\/\/bertz-fischer.de\/bf-api\/wp\/v2\/media?parent=1199"}],"wp:term":[{"taxonomy":"product_brand","embeddable":true,"href":"https:\/\/bertz-fischer.de\/bf-api\/wp\/v2\/product_brand?post=1199"},{"taxonomy":"product_cat","embeddable":true,"href":"https:\/\/bertz-fischer.de\/bf-api\/wp\/v2\/product_cat?post=1199"},{"taxonomy":"product_tag","embeddable":true,"href":"https:\/\/bertz-fischer.de\/bf-api\/wp\/v2\/product_tag?post=1199"}],"curies":[{"name":"wp","href":"https:\/\/api.w.org\/{rel}","templated":true}]}}

PROKLA 199: Politische Ökonomie des Eigentums

<p>Die erregten Debatten angesichts der Kampagne »Deutsche Wohnen &amp; Co enteignen«, die die Geschäftspraktiken der Immobilienriesen an den Pranger stellt, zeigen deutlich, welche Grundfesten die kapitalistische Gesellschaftsordnung ausmachen – Privateigentum an Produktionsmitteln und Grund und Boden – und welches profane Interesse damit verbunden ist: Profit. Das Heft analysiert die Politische Ökonomie des Eigentums, die Kämpfe, die sich daran entzünden – nicht nur um Kommunalisierung von Wohnraum –, und fragt nach Perspektiven und Grenzen von Genossenschaften und Wirtschaftsdemokratie.</p>
