{"id":1197,"date":"2020-09-01T18:33:33","date_gmt":"2020-09-01T16:33:33","guid":{"rendered":"https:\/\/bertz-fischer.de\/produkt\/bewegungsbilder\/"},"modified":"2026-07-22T08:21:16","modified_gmt":"2026-07-22T06:21:16","slug":"bewegungsbilder","status":"publish","type":"product","link":"https:\/\/bertz-fischer.de\/titel\/bewegungsbilder\/","title":{"rendered":"Bewegungsbilder"},"content":{"rendered":"<p>Videos im Social Web haben sich zu m\u00e4chtigen Mitteln der politischen Auseinandersetzung um Menschenrechte, Migration, Umweltzerst\u00f6rung oder Kriegsverbrechen entwickelt. Von Kampagnenvideos \u00fcber Zeugenvideos zu Videoblogs und Mashups \u2013 aktivistische Webvideos verbreiten sich in digitalen Netzwerken und bringen affektive \u00d6ffentlichkeiten hervor. Doch mit dem Aufstieg von L\u00fcgen, Propaganda und Hetze im Social Web entbrennt zugleich ein globaler \u00bbKrieg der Bilder\u00ab.<\/p>\n<p>Tr\u00e4gt die neue Macht bewegter Bilder letztlich zur Erm\u00e4chtigung oder zur Ohnmacht der politischen Subjekte bei? Welche neuartigen \u00e4sthetischen, affektiven und narrativen Formen bilden die politischen Bewegungsbilder heraus? Wie beeinflussen sie die politische Praxis? F\u00fchren Strategien der Emotionalisierung zu konformistischem Politikkonsum? Wie wird Verifizierung erm\u00f6glicht oder Authentizit\u00e4t vorget\u00e4uscht? Haben wir es mit einer benutzerfreundlichen Partizipationsform f\u00fcr aufgekl\u00e4rte \u00bbNetizens\u00ab zu tun? Oder verlaufen sich die neuen Bewegungsbilder in folgenlosem \u00bbKlicktivismus\u00ab?<\/p>\n<p>Das Buch gibt erstmals eine \u00dcbersicht \u00fcber politische Bewegungsbilder im Social Web. Anhand zahlreicher Beispiele analysiert es klarsichtig die Vielfalt aktivistischer Webvideos, ihre Typen und Themen, ihre \u00e4sthetischen und rhetorischen Strategien, ihre affektiven Wirkungspotenziale und transmedialen Bez\u00fcge, ihre historischen Vorbilder und ihre Produktionskontexte. Jenseits von Technikskepsis und Politikverdrossenheit pl\u00e4diert das Buch f\u00fcr die kreative Macht der Zivilgesellschaft und die Lust am politischen Handeln.<\/p>\n","protected":false},"excerpt":{"rendered":"<p>Politische Videos in Sozialen Medien<br \/>\nTexte zur Zeit 8<\/p>\n","protected":false},"featured_media":905,"template":"","meta":[],"product_brand":[],"product_cat":[60],"product_tag":[],"class_list":["post-1197","product","type-product","status-publish","has-post-thumbnail","product_cat-texte-zur-zeit","pa_autor_herausgeber-jens_eder","pa_autor_herausgeber-britta_hartmann","pa_autor_herausgeber-chris_tedjasukmana","first","instock","taxable","shipping-taxable","purchasable","product-type-simple"],"_links":{"self":[{"href":"https:\/\/bertz-fischer.de\/bf-api\/wp\/v2\/product\/1197","targetHints":{"allow":["GET"]}}],"collection":[{"href":"https:\/\/bertz-fischer.de\/bf-api\/wp\/v2\/product"}],"about":[{"href":"https:\/\/bertz-fischer.de\/bf-api\/wp\/v2\/types\/product"}],"wp:featuredmedia":[{"embeddable":true,"href":"https:\/\/bertz-fischer.de\/bf-api\/wp\/v2\/media\/905"}],"wp:attachment":[{"href":"https:\/\/bertz-fischer.de\/bf-api\/wp\/v2\/media?parent=1197"}],"wp:term":[{"taxonomy":"product_brand","embeddable":true,"href":"https:\/\/bertz-fischer.de\/bf-api\/wp\/v2\/product_brand?post=1197"},{"taxonomy":"product_cat","embeddable":true,"href":"https:\/\/bertz-fischer.de\/bf-api\/wp\/v2\/product_cat?post=1197"},{"taxonomy":"product_tag","embeddable":true,"href":"https:\/\/bertz-fischer.de\/bf-api\/wp\/v2\/product_tag?post=1197"}],"curies":[{"name":"wp","href":"https:\/\/api.w.org\/{rel}","templated":true}]}}

<p>Videos im Social Web haben sich zu mächtigen Mitteln der politischen Auseinandersetzung um Menschenrechte, Migration, Umweltzerstörung oder Kriegsverbrechen entwickelt. Von Kampagnenvideos über Zeugenvideos zu Videoblogs und Mashups – aktivistische Webvideos verbreiten sich in digitalen Netzwerken und bringen affektive Öffentlichkeiten hervor. Doch mit dem Aufstieg von Lügen, Propaganda und Hetze im Social Web entbrennt zugleich ein globaler »Krieg der Bilder«.</p>
<p>Trägt die neue Macht bewegter Bilder letztlich zur Ermächtigung oder zur Ohnmacht der politischen Subjekte bei? Welche neuartigen ästhetischen, affektiven und narrativen Formen bilden die politischen Bewegungsbilder heraus? Wie beeinflussen sie die politische Praxis? Führen Strategien der Emotionalisierung zu konformistischem Politikkonsum? Wie wird Verifizierung ermöglicht oder Authentizität vorgetäuscht? Haben wir es mit einer benutzerfreundlichen Partizipationsform für aufgeklärte »Netizens« zu tun? Oder verlaufen sich die neuen Bewegungsbilder in folgenlosem »Klicktivismus«?</p>
<p>Das Buch gibt erstmals eine Übersicht über politische Bewegungsbilder im Social Web. Anhand zahlreicher Beispiele analysiert es klarsichtig die Vielfalt aktivistischer Webvideos, ihre Typen und Themen, ihre ästhetischen und rhetorischen Strategien, ihre affektiven Wirkungspotenziale und transmedialen Bezüge, ihre historischen Vorbilder und ihre Produktionskontexte. Jenseits von Technikskepsis und Politikverdrossenheit plädiert das Buch für die kreative Macht der Zivilgesellschaft und die Lust am politischen Handeln.</p>
