{"id":1193,"date":"2014-09-01T18:33:32","date_gmt":"2014-09-01T16:33:32","guid":{"rendered":"https:\/\/bertz-fischer.de\/produkt\/nerds-geeks-und-piraten\/"},"modified":"2026-07-22T08:21:16","modified_gmt":"2026-07-22T06:21:16","slug":"nerds-geeks-und-piraten","status":"publish","type":"product","link":"https:\/\/bertz-fischer.de\/titel\/nerds-geeks-und-piraten\/","title":{"rendered":"Nerds, Geeks und Piraten"},"content":{"rendered":"<p>Keine zweite popkulturelle Figur hat in den letzten Jahren einen solchen Siegeszug gefeiert wie der Nerd. Zuvor nur ein bel\u00e4chelter Au\u00dfenseiter, scheint inzwischen kaum ein Film oder eine Serie aus den USA ohne ihn auszukommen \u2013 von den Teen-Shows \u00fcber den Science-Fiction-Film bis hin zum Actionkracher und der Kom\u00f6die: Der Nerd \u00fcbernimmt die Rolle des Helden.<\/p>\n<p>Und auch au\u00dferhalb der fiktiven Welt spielen die Nerds eine immer gr\u00f6\u00dfere Rolle. Gehackte Staatstrojaner geh\u00f6ren genau wie die Wikileaks zu den vielbeachteten Nachrichten, in zahlreichen L\u00e4ndern haben sich Piratenparteien gegr\u00fcndet, und Digital Natives stehen an der Spitze der gro\u00dfen Konzerne der IT-Branche und der Unterhaltungsindustrie. Wer sind die Nerds (und ihre nahen Verwandten, die Geeks)? Woher kommen und was wollen sie? Und sind sie eine fortschrittliche gesellschaftliche Kraft? Diesen Fragen geht das Buch \u00bbNerds, Geeks und Piraten\u00ab nach.<\/p>\n","protected":false},"excerpt":{"rendered":"<p>Digital Natives in Kultur und Politik<br \/>\nTexte zur Zeit 4<\/p>\n","protected":false},"featured_media":927,"template":"","meta":[],"product_brand":[],"product_cat":[60],"product_tag":[],"class_list":["post-1193","product","type-product","status-publish","has-post-thumbnail","product_cat-texte-zur-zeit","pa_autor_herausgeber-nina_scholz","first","instock","taxable","shipping-taxable","purchasable","product-type-simple"],"_links":{"self":[{"href":"https:\/\/bertz-fischer.de\/bf-api\/wp\/v2\/product\/1193","targetHints":{"allow":["GET"]}}],"collection":[{"href":"https:\/\/bertz-fischer.de\/bf-api\/wp\/v2\/product"}],"about":[{"href":"https:\/\/bertz-fischer.de\/bf-api\/wp\/v2\/types\/product"}],"wp:featuredmedia":[{"embeddable":true,"href":"https:\/\/bertz-fischer.de\/bf-api\/wp\/v2\/media\/927"}],"wp:attachment":[{"href":"https:\/\/bertz-fischer.de\/bf-api\/wp\/v2\/media?parent=1193"}],"wp:term":[{"taxonomy":"product_brand","embeddable":true,"href":"https:\/\/bertz-fischer.de\/bf-api\/wp\/v2\/product_brand?post=1193"},{"taxonomy":"product_cat","embeddable":true,"href":"https:\/\/bertz-fischer.de\/bf-api\/wp\/v2\/product_cat?post=1193"},{"taxonomy":"product_tag","embeddable":true,"href":"https:\/\/bertz-fischer.de\/bf-api\/wp\/v2\/product_tag?post=1193"}],"curies":[{"name":"wp","href":"https:\/\/api.w.org\/{rel}","templated":true}]}}

<p>Keine zweite popkulturelle Figur hat in den letzten Jahren einen solchen Siegeszug gefeiert wie der Nerd. Zuvor nur ein belächelter Außenseiter, scheint inzwischen kaum ein Film oder eine Serie aus den USA ohne ihn auszukommen – von den Teen-Shows über den Science-Fiction-Film bis hin zum Actionkracher und der Komödie: Der Nerd übernimmt die Rolle des Helden.</p>
<p>Und auch außerhalb der fiktiven Welt spielen die Nerds eine immer größere Rolle. Gehackte Staatstrojaner gehören genau wie die Wikileaks zu den vielbeachteten Nachrichten, in zahlreichen Ländern haben sich Piratenparteien gegründet, und Digital Natives stehen an der Spitze der großen Konzerne der IT-Branche und der Unterhaltungsindustrie. Wer sind die Nerds (und ihre nahen Verwandten, die Geeks)? Woher kommen und was wollen sie? Und sind sie eine fortschrittliche gesellschaftliche Kraft? Diesen Fragen geht das Buch »Nerds, Geeks und Piraten« nach.</p>
