{"id":1180,"date":"2016-02-01T18:33:30","date_gmt":"2016-02-01T17:33:30","guid":{"rendered":"https:\/\/bertz-fischer.de\/produkt\/hass-und-hoffnung\/"},"modified":"2026-07-22T08:21:14","modified_gmt":"2026-07-22T06:21:14","slug":"hass-und-hoffnung","status":"publish","type":"product","link":"https:\/\/bertz-fischer.de\/titel\/hass-und-hoffnung\/","title":{"rendered":"Hass und Hoffnung"},"content":{"rendered":"<p>Die \u00bbFl\u00fcchtlingskrise\u00ab und ihre Folgen sind zentrales Thema der \u00f6ffentlichen Debatte. Doch in der Krise sind die beiden gro\u00dfen Projekte, die nach dem Zweiten Weltkrieg unsere Breiten bestimmten: Das Projekt \u00bbDemokratie\u00ab. Und das Projekt \u00bbEuropa\u00ab. Beides steht, wie man so sagt, derzeit auf der Kippe. Allerdings werden die Demokratie und Europa nicht etwa von den Fl\u00fcchtlingen bedroht, ganz im Gegenteil: Sie sind es ja gerade, die auf ein demokratisches, humanes Europa hoffen, bevor sie zum \u00bbProblem\u00ab erkl\u00e4rt werden und ihnen Hass entgegenschl\u00e4gt. Es sind die Reaktionen auf die Fl\u00fcchtlinge, die deutlich machen, wie sehr sich die Projekte \u00bbDemokratie\u00ab und \u00bbEuropa\u00ab bereits in Fiktion und Maskerade aufgel\u00f6st haben.<\/p>\n","protected":false},"excerpt":{"rendered":"<p>Deutschland, Europa und die Fl\u00fcchtlinge<br \/>\nPolitik aktuell 3<\/p>\n","protected":false},"featured_media":914,"template":"","meta":[],"product_brand":[],"product_cat":[56],"product_tag":[],"class_list":["post-1180","product","type-product","status-publish","has-post-thumbnail","product_cat-politik-aktuell","pa_autor_herausgeber-georg_seesslen","pa_autor_herausgeber-markus_metz","first","instock","taxable","shipping-taxable","purchasable","product-type-simple"],"_links":{"self":[{"href":"https:\/\/bertz-fischer.de\/bf-api\/wp\/v2\/product\/1180","targetHints":{"allow":["GET"]}}],"collection":[{"href":"https:\/\/bertz-fischer.de\/bf-api\/wp\/v2\/product"}],"about":[{"href":"https:\/\/bertz-fischer.de\/bf-api\/wp\/v2\/types\/product"}],"wp:featuredmedia":[{"embeddable":true,"href":"https:\/\/bertz-fischer.de\/bf-api\/wp\/v2\/media\/914"}],"wp:attachment":[{"href":"https:\/\/bertz-fischer.de\/bf-api\/wp\/v2\/media?parent=1180"}],"wp:term":[{"taxonomy":"product_brand","embeddable":true,"href":"https:\/\/bertz-fischer.de\/bf-api\/wp\/v2\/product_brand?post=1180"},{"taxonomy":"product_cat","embeddable":true,"href":"https:\/\/bertz-fischer.de\/bf-api\/wp\/v2\/product_cat?post=1180"},{"taxonomy":"product_tag","embeddable":true,"href":"https:\/\/bertz-fischer.de\/bf-api\/wp\/v2\/product_tag?post=1180"}],"curies":[{"name":"wp","href":"https:\/\/api.w.org\/{rel}","templated":true}]}}

<p>Die »Flüchtlingskrise« und ihre Folgen sind zentrales Thema der öffentlichen Debatte. Doch in der Krise sind die beiden großen Projekte, die nach dem Zweiten Weltkrieg unsere Breiten bestimmten: Das Projekt »Demokratie«. Und das Projekt »Europa«. Beides steht, wie man so sagt, derzeit auf der Kippe. Allerdings werden die Demokratie und Europa nicht etwa von den Flüchtlingen bedroht, ganz im Gegenteil: Sie sind es ja gerade, die auf ein demokratisches, humanes Europa hoffen, bevor sie zum »Problem« erklärt werden und ihnen Hass entgegenschlägt. Es sind die Reaktionen auf die Flüchtlinge, die deutlich machen, wie sehr sich die Projekte »Demokratie« und »Europa« bereits in Fiktion und Maskerade aufgelöst haben.</p>

<p>Deutschland, Europa und die Flüchtlinge<br />
Politik aktuell 3</p>
