{"id":1165,"date":"2018-04-01T00:00:25","date_gmt":"2018-03-31T22:00:25","guid":{"rendered":"https:\/\/bertz-fischer.de\/produkt\/mythen-ueber-marx\/"},"modified":"2026-07-22T08:21:14","modified_gmt":"2026-07-22T06:21:14","slug":"mythen-ueber-marx","status":"publish","type":"product","link":"https:\/\/bertz-fischer.de\/titel\/mythen-ueber-marx\/","title":{"rendered":"Mythen \u00fcber Marx"},"content":{"rendered":"<p>200 Jahre Karl Marx, 150 Jahre Das Kapital, 100 Jahre russische Revolution \u2013 anl\u00e4sslich der Jubil\u00e4en erscheinen fast t\u00e4glich Einsch\u00e4tzungen und Kommentare zum Werk des gro\u00dfen Denkers. In der Regel wird Marx kritisiert und verworfen. Und wenn er gew\u00fcrdigt wird, dann nur mit einer gewissen g\u00f6nnerhaften Nachsicht. Schlie\u00dflich sind sich fast alle einig: Marx hat zumeist falschgelegen. Er hat den Untergang des Kapitalismus prophezeit, hei\u00dft es. Sein Werk beschreibe nur eine bestimmte historische Phase und beruhe auf einer \u00fcberholten Arbeitswertlehre. Marx wollte alles verstaatlichen, er habe die Unterdr\u00fcckung und Ausbeutung von Frauen ebenso ignoriert wie die \u00f6kologische Frage und stattdessen den industriellen Fortschritt verherrlicht.<br \/>\nEinige dieser Urteile sind zumindest fragw\u00fcrdig, manche schlicht falsch, andere Kritiken treffen einen wunden Punkt. So gel\u00e4ufig vielen der Name Marx ist, so unbekannt ist oftmals sein Werk. Der vorliegende Band will in knapper und leicht verst\u00e4ndlicher Form f\u00fcr Aufkl\u00e4rung sorgen und daf\u00fcr werben, sich mit Marx\u2019 Theorie zu besch\u00e4ftigen. Hat er wirklich die fortschreitende Verelendung der Arbeiter*innen prophezeit? Gibt es heute keine Klassen und keine Ausbeutung mehr? F\u00fchrt ein direkter Weg von seiner Theorie zum Gulag? Ob und inwieweit Marx doch richtig lag, ist nicht blo\u00df von historischem Interesse. Denn die Haltung zu seinen Analysen spaltet heute noch die politischen Lager in aller Welt. Und anhand von Marx\u2019 Werk wird noch immer die Frage diskutiert: Ist eine andere Welt m\u00f6glich?<\/p>\n","protected":false},"excerpt":{"rendered":"<p>Die popul\u00e4rsten Kritiken, Fehlurteile und Missverst\u00e4ndnisse<br \/>\nKapital &amp; Krise 4<\/p>\n","protected":false},"featured_media":907,"template":"","meta":[],"product_brand":[],"product_cat":[55],"product_tag":[],"class_list":["post-1165","product","type-product","status-publish","has-post-thumbnail","product_cat-kapital-krise","pa_autor_herausgeber-autorinnenkollektiv","first","instock","taxable","shipping-taxable","purchasable","product-type-simple"],"_links":{"self":[{"href":"https:\/\/bertz-fischer.de\/bf-api\/wp\/v2\/product\/1165","targetHints":{"allow":["GET"]}}],"collection":[{"href":"https:\/\/bertz-fischer.de\/bf-api\/wp\/v2\/product"}],"about":[{"href":"https:\/\/bertz-fischer.de\/bf-api\/wp\/v2\/types\/product"}],"wp:featuredmedia":[{"embeddable":true,"href":"https:\/\/bertz-fischer.de\/bf-api\/wp\/v2\/media\/907"}],"wp:attachment":[{"href":"https:\/\/bertz-fischer.de\/bf-api\/wp\/v2\/media?parent=1165"}],"wp:term":[{"taxonomy":"product_brand","embeddable":true,"href":"https:\/\/bertz-fischer.de\/bf-api\/wp\/v2\/product_brand?post=1165"},{"taxonomy":"product_cat","embeddable":true,"href":"https:\/\/bertz-fischer.de\/bf-api\/wp\/v2\/product_cat?post=1165"},{"taxonomy":"product_tag","embeddable":true,"href":"https:\/\/bertz-fischer.de\/bf-api\/wp\/v2\/product_tag?post=1165"}],"curies":[{"name":"wp","href":"https:\/\/api.w.org\/{rel}","templated":true}]}}

Mythen über Marx

<p>200 Jahre Karl Marx, 150 Jahre Das Kapital, 100 Jahre russische Revolution – anlässlich der Jubiläen erscheinen fast täglich Einschätzungen und Kommentare zum Werk des großen Denkers. In der Regel wird Marx kritisiert und verworfen. Und wenn er gewürdigt wird, dann nur mit einer gewissen gönnerhaften Nachsicht. Schließlich sind sich fast alle einig: Marx hat zumeist falschgelegen. Er hat den Untergang des Kapitalismus prophezeit, heißt es. Sein Werk beschreibe nur eine bestimmte historische Phase und beruhe auf einer überholten Arbeitswertlehre. Marx wollte alles verstaatlichen, er habe die Unterdrückung und Ausbeutung von Frauen ebenso ignoriert wie die ökologische Frage und stattdessen den industriellen Fortschritt verherrlicht.<br />
Einige dieser Urteile sind zumindest fragwürdig, manche schlicht falsch, andere Kritiken treffen einen wunden Punkt. So geläufig vielen der Name Marx ist, so unbekannt ist oftmals sein Werk. Der vorliegende Band will in knapper und leicht verständlicher Form für Aufklärung sorgen und dafür werben, sich mit Marx’ Theorie zu beschäftigen. Hat er wirklich die fortschreitende Verelendung der Arbeiter*innen prophezeit? Gibt es heute keine Klassen und keine Ausbeutung mehr? Führt ein direkter Weg von seiner Theorie zum Gulag? Ob und inwieweit Marx doch richtig lag, ist nicht bloß von historischem Interesse. Denn die Haltung zu seinen Analysen spaltet heute noch die politischen Lager in aller Welt. Und anhand von Marx’ Werk wird noch immer die Frage diskutiert: Ist eine andere Welt möglich?</p>

<p>Die populärsten Kritiken, Fehlurteile und Missverständnisse<br />
Kapital &amp; Krise 4</p>
